CRAN Package Check Results for Package golem

Last updated on 2024-06-19 08:57:50 CEST.

Flavor Version Tinstall Tcheck Ttotal Status Flags
r-devel-linux-x86_64-debian-clang 0.4.1 5.24 101.05 106.29 NOTE
r-devel-linux-x86_64-debian-gcc 0.4.1 4.84 75.96 80.80 NOTE
r-devel-linux-x86_64-fedora-clang 0.4.1 141.63 NOTE
r-devel-linux-x86_64-fedora-gcc 0.4.1 144.07 NOTE
r-devel-windows-x86_64 0.4.1 7.00 114.00 121.00 NOTE
r-patched-linux-x86_64 0.4.1 8.80 98.15 106.95 NOTE
r-release-linux-x86_64 0.4.1 6.20 96.04 102.24 NOTE
r-release-macos-arm64 0.4.1 57.00 NOTE
r-release-macos-x86_64 0.4.1 79.00 NOTE
r-release-windows-x86_64 0.4.1 9.00 112.00 121.00 NOTE
r-oldrel-macos-arm64 0.4.1 56.00 OK
r-oldrel-macos-x86_64 0.4.1 100.00 OK
r-oldrel-windows-x86_64 0.4.1 9.00 125.00 134.00 OK

Check Details

Version: 0.4.1
Check: Rd files
Result: NOTE checkRd: (-1) create_golem.Rd:30: Lost braces; missing escapes or markup? 30 | \item{package_name}{Package name to use. By default, {golem} uses | ^ checkRd: (-1) fill_desc.Rd:42: Lost braces; missing escapes or markup? 42 | The {desc} object, invisibly. | ^ checkRd: (-1) get_sysreqs.Rd:23: Lost braces; missing escapes or markup? 23 | {dockerfiler}. | ^ checkRd: (-1) golem_opts.Rd:80: Lost braces; missing escapes or markup? 80 | \item{config_file}{path to the {golem} config file} | ^ checkRd: (-1) install_dev_deps.Rd:5: Lost braces; missing escapes or markup? 5 | \title{Install {golem} dev dependencies} | ^ checkRd: (-1) project_hook.Rd:13: Lost braces; missing escapes or markup? 13 | \item{package_name}{Package name to use. By default, {golem} uses | ^ Flavors: r-devel-linux-x86_64-debian-clang, r-devel-linux-x86_64-debian-gcc, r-devel-linux-x86_64-fedora-clang, r-devel-linux-x86_64-fedora-gcc, r-devel-windows-x86_64, r-patched-linux-x86_64, r-release-linux-x86_64, r-release-macos-arm64, r-release-macos-x86_64, r-release-windows-x86_64