CRAN Package Check Results for Package globalOptTests

Last updated on 2024-04-18 07:58:16 CEST.

Flavor Version Tinstall Tcheck Ttotal Status Flags
r-devel-linux-x86_64-debian-clang 1.1 2.81 21.08 23.89 NOTE
r-devel-linux-x86_64-debian-gcc 1.1 2.53 16.32 18.85 NOTE
r-devel-linux-x86_64-fedora-clang 1.1 31.01 NOTE
r-devel-linux-x86_64-fedora-gcc 1.1 30.88 NOTE
r-prerel-macos-arm64 1.1 17.00 NOTE
r-prerel-windows-x86_64 1.1 5.00 38.00 43.00 NOTE
r-patched-linux-x86_64 1.1 3.50 19.89 23.39 NOTE
r-release-linux-x86_64 1.1 2.74 20.13 22.87 NOTE
r-release-macos-arm64 1.1 17.00 NOTE
r-release-macos-x86_64 1.1 20.00 NOTE
r-release-windows-x86_64 1.1 6.00 39.00 45.00 NOTE
r-oldrel-macos-arm64 1.1 17.00 NOTE
r-oldrel-windows-x86_64 1.1 8.00 46.00 54.00 NOTE

Check Details

Version: 1.1
Check: DESCRIPTION meta-information
Result: NOTE Malformed Description field: should contain one or more complete sentences. Flavors: r-devel-linux-x86_64-debian-clang, r-devel-linux-x86_64-debian-gcc, r-devel-linux-x86_64-fedora-clang, r-devel-linux-x86_64-fedora-gcc, r-prerel-macos-arm64, r-prerel-windows-x86_64, r-patched-linux-x86_64, r-release-linux-x86_64, r-release-macos-arm64, r-release-macos-x86_64, r-release-windows-x86_64, r-oldrel-macos-arm64, r-oldrel-windows-x86_64

Version: 1.1
Check: compiled code
Result: NOTE File ‘globalOptTests/libs/globalOptTests.so’: Found no calls to: ‘R_registerRoutines’, ‘R_useDynamicSymbols’ It is good practice to register native routines and to disable symbol search. See ‘Writing portable packages’ in the ‘Writing R Extensions’ manual. Flavors: r-devel-linux-x86_64-fedora-clang, r-devel-linux-x86_64-fedora-gcc