Last updated on 2023-10-02 07:56:28 CEST.
Flavor | Version | Tinstall | Tcheck | Ttotal | Status | Flags |
---|---|---|---|---|---|---|
r-devel-linux-x86_64-debian-clang | 0.2-0 | 5.29 | 45.42 | 50.71 | OK | |
r-devel-linux-x86_64-debian-gcc | 0.2-0 | 2.70 | 34.80 | 37.50 | OK | |
r-devel-linux-x86_64-fedora-clang | 0.2-0 | 62.62 | OK | |||
r-devel-linux-x86_64-fedora-gcc | 0.2-0 | 61.59 | OK | |||
r-devel-windows-x86_64 | 0.2-0 | 6.00 | 59.00 | 65.00 | OK | |
r-patched-linux-x86_64 | 0.2-0 | 5.88 | 43.06 | 48.94 | OK | |
r-release-linux-x86_64 | 0.2-0 | 3.94 | 42.82 | 46.76 | OK | |
r-release-macos-arm64 | 0.2-0 | 26.00 | OK | |||
r-release-macos-x86_64 | 0.2-0 | 37.00 | NOTE | |||
r-release-windows-x86_64 | 0.2-0 | 7.00 | 62.00 | 69.00 | OK | |
r-oldrel-macos-arm64 | 0.2-0 | 22.00 | OK | |||
r-oldrel-macos-x86_64 | 0.2-0 | 31.00 | OK | |||
r-oldrel-windows-x86_64 | 0.2-0 | 9.00 | 64.00 | 73.00 | OK |
Version: 0.2-0
Check: package dependencies
Result: NOTE
Package suggested but not available for checking: ‘AER’
Flavor: r-release-macos-x86_64