Last updated on 2023-02-06 06:51:58 CET.
Flavor | Version | Tinstall | Tcheck | Ttotal | Status | Flags |
---|---|---|---|---|---|---|
r-devel-linux-x86_64-debian-clang | 1.0.8 | 6.33 | 46.57 | 52.90 | NOTE | |
r-devel-linux-x86_64-debian-gcc | 1.0.8 | 6.60 | 35.09 | 41.69 | NOTE | |
r-devel-linux-x86_64-fedora-clang | 1.0.8 | 70.97 | NOTE | |||
r-devel-linux-x86_64-fedora-gcc | 1.0.8 | 69.50 | NOTE | |||
r-devel-windows-x86_64 | 1.0.8 | 28.00 | 80.00 | 108.00 | NOTE | |
r-patched-linux-x86_64 | 1.0.8 | 6.39 | 46.31 | 52.70 | OK | |
r-release-linux-x86_64 | 1.0.8 | 7.17 | 45.15 | 52.32 | OK | |
r-release-macos-arm64 | 1.0.8 | 22.00 | OK | |||
r-release-macos-x86_64 | 1.0.8 | 35.00 | OK | |||
r-release-windows-x86_64 | 1.0.8 | 33.00 | 84.00 | 117.00 | OK | |
r-oldrel-macos-arm64 | 1.0.8 | 41.00 | OK | |||
r-oldrel-macos-x86_64 | 1.0.8 | 49.00 | OK | |||
r-oldrel-windows-ix86+x86_64 | 1.0.8 | 16.00 | 77.00 | 93.00 | OK |
Version: 1.0.8
Check: Rd files
Result: NOTE
checkRd: (-1) coef.glmulti.Rd:26: Escaped LaTeX specials: \&
checkRd: (-1) coef.glmulti.Rd:27: Escaped LaTeX specials: \&
checkRd: (-1) coef.glmulti.Rd:51: Escaped LaTeX specials: \&
checkRd: (-1) coef.glmulti.Rd:60: Escaped LaTeX specials: \&
checkRd: (-1) coef.glmulti.Rd:61: Escaped LaTeX specials: \&
checkRd: (-1) consensus.Rd:29: Escaped LaTeX specials: \&
checkRd: (-1) getfit.Rd:26: Escaped LaTeX specials: \&
checkRd: (-1) glmulti-class.Rd:26: Escaped LaTeX specials: \&
checkRd: (-1) glmulti.Rd:99: Escaped LaTeX specials: \&
checkRd: (-1) summary.glmulti.Rd:72: Escaped LaTeX specials: \&
Flavors: r-devel-linux-x86_64-debian-clang, r-devel-linux-x86_64-debian-gcc, r-devel-linux-x86_64-fedora-clang, r-devel-linux-x86_64-fedora-gcc, r-devel-windows-x86_64