Last updated on 2023-01-31 07:54:13 CET.
Flavor | Version | Tinstall | Tcheck | Ttotal | Status | Flags |
---|---|---|---|---|---|---|
r-devel-linux-x86_64-debian-clang | 1.6.2 | 71.43 | 173.99 | 245.42 | OK | |
r-devel-linux-x86_64-debian-gcc | 1.6.2 | 61.66 | 124.75 | 186.41 | OK | |
r-devel-linux-x86_64-fedora-clang | 1.6.2 | 319.43 | NOTE | |||
r-devel-linux-x86_64-fedora-gcc | 1.6.2 | 313.26 | NOTE | |||
r-devel-windows-x86_64 | 1.6.2 | 67.00 | 189.00 | 256.00 | OK | |
r-patched-linux-x86_64 | 1.6.2 | 72.95 | 169.19 | 242.14 | OK | |
r-release-linux-x86_64 | 1.6.2 | 77.19 | 161.89 | 239.08 | OK | |
r-release-macos-arm64 | 1.6.2 | 64.00 | NOTE | |||
r-release-macos-x86_64 | 1.6.2 | 97.00 | NOTE | |||
r-release-windows-x86_64 | 1.6.2 | 78.00 | 198.00 | 276.00 | OK | |
r-oldrel-macos-arm64 | 1.6.2 | 58.00 | NOTE | |||
r-oldrel-macos-x86_64 | 1.6.2 | 97.00 | NOTE | |||
r-oldrel-windows-ix86+x86_64 | 1.6.2 | 147.00 | 225.00 | 372.00 | OK |
Version: 1.6.2
Check: dependencies in R code
Result: NOTE
Namespace in Imports field not imported from: ‘GMMBoost’
All declared Imports should be used.
Flavors: r-devel-linux-x86_64-fedora-clang, r-devel-linux-x86_64-fedora-gcc, r-release-macos-arm64, r-release-macos-x86_64, r-oldrel-macos-arm64, r-oldrel-macos-x86_64
Version: 1.6.2
Check: installed package size
Result: NOTE
installed size is 8.6Mb
sub-directories of 1Mb or more:
libs 8.0Mb
Flavors: r-release-macos-arm64, r-release-macos-x86_64, r-oldrel-macos-arm64, r-oldrel-macos-x86_64