CRAN Package Check Results for Package glmglrt

Last updated on 2023-11-28 07:53:03 CET.

Flavor Version Tinstall Tcheck Ttotal Status Flags
r-devel-linux-x86_64-debian-clang 0.2.2 3.28 115.52 118.80 NOTE
r-devel-linux-x86_64-debian-gcc 0.2.2 3.43 87.86 91.29 NOTE
r-devel-linux-x86_64-fedora-clang 0.2.2 145.94 NOTE
r-devel-linux-x86_64-fedora-gcc 0.2.2 150.15 NOTE
r-devel-windows-x86_64 0.2.2 7.00 99.00 106.00 NOTE
r-patched-linux-x86_64 0.2.2 9.28 111.54 120.82 NOTE
r-release-linux-x86_64 0.2.2 4.30 111.93 116.23 NOTE
r-release-macos-arm64 0.2.2 49.00 NOTE
r-release-macos-x86_64 0.2.2 77.00 NOTE
r-release-windows-x86_64 0.2.2 10.00 123.00 133.00 NOTE
r-oldrel-macos-arm64 0.2.2 41.00 NOTE
r-oldrel-macos-x86_64 0.2.2 61.00 NOTE
r-oldrel-windows-x86_64 0.2.2 9.00 126.00 135.00 NOTE

Check Details

Version: 0.2.2
Check: Rd files
Result: NOTE checkRd: (-1) summarylr.Rd:34: Lost braces 34 | \item{method}{NULL or character vector of length 0, 1 or 2; may be code{"LRT"} or \code{"Rao"} or \code{c("LRT", "Rao")} to compute specified P-values. | ^ Flavors: r-devel-linux-x86_64-debian-clang, r-devel-linux-x86_64-debian-gcc

Version: 0.2.2
Check: LazyData
Result: NOTE 'LazyData' is specified without a 'data' directory Flavors: r-devel-linux-x86_64-debian-clang, r-devel-linux-x86_64-debian-gcc, r-devel-linux-x86_64-fedora-clang, r-devel-linux-x86_64-fedora-gcc, r-devel-windows-x86_64, r-patched-linux-x86_64, r-release-linux-x86_64, r-release-macos-arm64, r-release-macos-x86_64, r-release-windows-x86_64, r-oldrel-macos-arm64, r-oldrel-macos-x86_64, r-oldrel-windows-x86_64