Last updated on 2023-01-29 07:56:05 CET.
Flavor | Version | Tinstall | Tcheck | Ttotal | Status | Flags |
---|---|---|---|---|---|---|
r-devel-linux-x86_64-debian-clang | 0.2.2 | 4.17 | 115.98 | 120.15 | NOTE | |
r-devel-linux-x86_64-debian-gcc | 0.2.2 | 3.37 | 87.77 | 91.14 | NOTE | |
r-devel-linux-x86_64-fedora-clang | 0.2.2 | 151.83 | NOTE | |||
r-devel-linux-x86_64-fedora-gcc | 0.2.2 | 154.47 | NOTE | |||
r-devel-windows-x86_64 | 0.2.2 | 26.00 | 147.00 | 173.00 | NOTE | |
r-patched-linux-x86_64 | 0.2.2 | 7.32 | 112.40 | 119.72 | NOTE | |
r-release-linux-x86_64 | 0.2.2 | 4.61 | 115.66 | 120.27 | NOTE | |
r-release-macos-arm64 | 0.2.2 | 41.00 | NOTE | |||
r-release-macos-x86_64 | 0.2.2 | 61.00 | NOTE | |||
r-release-windows-x86_64 | 0.2.2 | 21.00 | 144.00 | 165.00 | NOTE | |
r-oldrel-macos-arm64 | 0.2.2 | 53.00 | NOTE | |||
r-oldrel-macos-x86_64 | 0.2.2 | 86.00 | NOTE | |||
r-oldrel-windows-ix86+x86_64 | 0.2.2 | 18.00 | 140.00 | 158.00 | NOTE |
Version: 0.2.2
Check: LazyData
Result: NOTE
'LazyData' is specified without a 'data' directory
Flavors: r-devel-linux-x86_64-debian-clang, r-devel-linux-x86_64-debian-gcc, r-devel-linux-x86_64-fedora-clang, r-devel-linux-x86_64-fedora-gcc, r-devel-windows-x86_64, r-patched-linux-x86_64, r-release-linux-x86_64, r-release-macos-arm64, r-release-macos-x86_64, r-release-windows-x86_64, r-oldrel-macos-arm64, r-oldrel-macos-x86_64, r-oldrel-windows-ix86+x86_64