CRAN Package Check Results for Package glm.deploy

Last updated on 2022-09-28 06:54:08 CEST.

Flavor Version Tinstall Tcheck Ttotal Status Flags
r-devel-linux-x86_64-debian-clang 1.0.4 23.55 32.21 55.76 NOTE
r-devel-linux-x86_64-debian-gcc 1.0.4 15.68 25.16 40.84 NOTE
r-devel-linux-x86_64-fedora-clang 1.0.4 86.58 NOTE
r-devel-linux-x86_64-fedora-gcc 1.0.4 83.70 NOTE
r-devel-windows-x86_64 1.0.4 26.00 79.00 105.00 NOTE
r-patched-linux-x86_64 1.0.4 18.44 31.67 50.11 NOTE
r-release-linux-x86_64 1.0.4 19.90 31.81 51.71 NOTE
r-release-macos-arm64 1.0.4 24.00 NOTE
r-release-macos-x86_64 1.0.4 32.00 NOTE
r-release-windows-x86_64 1.0.4 26.00 81.00 107.00 NOTE
r-oldrel-macos-arm64 1.0.4 27.00 NOTE
r-oldrel-macos-x86_64 1.0.4 42.00 NOTE
r-oldrel-windows-ix86+x86_64 1.0.4 53.00 82.00 135.00 NOTE

Check Details

Version: 1.0.4
Check: LazyData
Result: NOTE
     'LazyData' is specified without a 'data' directory
Flavors: r-devel-linux-x86_64-debian-clang, r-devel-linux-x86_64-debian-gcc, r-devel-linux-x86_64-fedora-clang, r-devel-linux-x86_64-fedora-gcc, r-devel-windows-x86_64, r-patched-linux-x86_64, r-release-linux-x86_64, r-release-macos-arm64, r-release-macos-x86_64, r-release-windows-x86_64, r-oldrel-macos-arm64, r-oldrel-macos-x86_64, r-oldrel-windows-ix86+x86_64