CRAN Package Check Results for Package gllvm

Last updated on 2022-12-08 07:54:00 CET.

Flavor Version Tinstall Tcheck Ttotal Status Flags
r-devel-linux-x86_64-debian-clang 1.3.1 274.98 206.03 481.01 OK
r-devel-linux-x86_64-debian-gcc 1.3.1 234.58 214.43 449.01 OK
r-devel-linux-x86_64-fedora-clang 1.3.1 556.65 OK
r-devel-linux-x86_64-fedora-gcc 1.3.1 652.28 OK
r-devel-windows-x86_64 1.3.1 164.00 430.00 594.00 NOTE
r-patched-linux-x86_64 1.3.1 245.32 201.27 446.59 OK
r-release-linux-x86_64 1.3.1 237.60 200.11 437.71 OK
r-release-macos-arm64 1.3.1 164.00 NOTE
r-release-macos-x86_64 1.3.1 217.00 NOTE
r-release-windows-x86_64 1.3.1 179.00 263.00 442.00 NOTE
r-oldrel-macos-arm64 1.3.1 182.00 NOTE
r-oldrel-macos-x86_64 1.3.1 204.00 NOTE
r-oldrel-windows-ix86+x86_64 1.3.1 515.00 344.00 859.00 NOTE

Check Details

Version: 1.3.1
Check: installed package size
Result: NOTE
     installed size is 14.5Mb
     sub-directories of 1Mb or more:
     libs 13.8Mb
Flavors: r-devel-windows-x86_64, r-release-macos-arm64, r-release-macos-x86_64, r-release-windows-x86_64, r-oldrel-macos-arm64, r-oldrel-macos-x86_64, r-oldrel-windows-ix86+x86_64