CRAN Package Check Results for Package glamlasso

Last updated on 2023-02-04 08:01:17 CET.

Flavor Version Tinstall Tcheck Ttotal Status Flags
r-devel-linux-x86_64-debian-clang 3.0.1 125.40 35.52 160.92 NOTE
r-devel-linux-x86_64-debian-gcc 3.0.1 242.46 27.93 270.39 NOTE
r-devel-linux-x86_64-fedora-clang 3.0.1 222.03 NOTE
r-devel-linux-x86_64-fedora-gcc 3.0.1 376.64 NOTE
r-devel-windows-x86_64 3.0.1 325.00 86.00 411.00 NOTE
r-patched-linux-x86_64 3.0.1 108.86 34.24 143.10 OK
r-release-linux-x86_64 3.0.1 109.89 35.28 145.17 OK
r-release-macos-arm64 3.0.1 63.00 NOTE
r-release-macos-x86_64 3.0.1 94.00 NOTE
r-release-windows-x86_64 3.0.1 84.00 86.00 170.00 OK
r-oldrel-macos-arm64 3.0.1 101.00 NOTE
r-oldrel-macos-x86_64 3.0.1 171.00 NOTE
r-oldrel-windows-ix86+x86_64 3.0.1 205.00 89.00 294.00 OK

Check Details

Version: 3.0.1
Check: C++ specification
Result: NOTE
     Specified C++11: please update to current default of C++17
Flavors: r-devel-linux-x86_64-debian-clang, r-devel-linux-x86_64-debian-gcc, r-devel-linux-x86_64-fedora-clang, r-devel-linux-x86_64-fedora-gcc, r-devel-windows-x86_64

Version: 3.0.1
Check: installed package size
Result: NOTE
     installed size is 10.4Mb
     sub-directories of 1Mb or more:
     libs 10.2Mb
Flavors: r-release-macos-arm64, r-release-macos-x86_64, r-oldrel-macos-arm64, r-oldrel-macos-x86_64