Last updated on 2023-01-29 07:56:05 CET.
Flavor | Version | Tinstall | Tcheck | Ttotal | Status | Flags |
---|---|---|---|---|---|---|
r-devel-linux-x86_64-debian-clang | 1.0.2 | 1.96 | 22.55 | 24.51 | NOTE | |
r-devel-linux-x86_64-debian-gcc | 1.0.2 | 1.43 | 17.80 | 19.23 | NOTE | |
r-devel-linux-x86_64-fedora-clang | 1.0.2 | 32.81 | NOTE | |||
r-devel-linux-x86_64-fedora-gcc | 1.0.2 | 41.16 | NOTE | |||
r-devel-windows-x86_64 | 1.0.2 | 9.00 | 54.00 | 63.00 | NOTE | |
r-patched-linux-x86_64 | 1.0.2 | 1.77 | 22.83 | 24.60 | OK | |
r-release-linux-x86_64 | 1.0.2 | 2.09 | 23.30 | 25.39 | OK | |
r-release-macos-arm64 | 1.0.2 | 17.00 | OK | |||
r-release-macos-x86_64 | 1.0.2 | 22.00 | OK | |||
r-release-windows-x86_64 | 1.0.2 | 10.00 | 52.00 | 62.00 | OK | |
r-oldrel-macos-arm64 | 1.0.2 | 19.00 | OK | |||
r-oldrel-macos-x86_64 | 1.0.2 | 22.00 | OK | |||
r-oldrel-windows-ix86+x86_64 | 1.0.2 | 6.00 | 50.00 | 56.00 | OK |
Version: 1.0.2
Check: package subdirectories
Result: NOTE
Problems with news in ‘NEWS.md’:
No news entries found.
Flavors: r-devel-linux-x86_64-debian-clang, r-devel-linux-x86_64-debian-gcc, r-devel-linux-x86_64-fedora-clang, r-devel-linux-x86_64-fedora-gcc, r-devel-windows-x86_64