Last updated on 2023-02-04 08:01:17 CET.
Flavor | Version | Tinstall | Tcheck | Ttotal | Status | Flags |
---|---|---|---|---|---|---|
r-devel-linux-x86_64-debian-clang | 0.31.0 | 17.45 | 72.53 | 89.98 | OK | |
r-devel-linux-x86_64-debian-gcc | 0.31.0 | 15.11 | 56.14 | 71.25 | OK | |
r-devel-linux-x86_64-fedora-clang | 0.31.0 | 118.57 | OK | |||
r-devel-linux-x86_64-fedora-gcc | 0.31.0 | 123.66 | OK | |||
r-devel-windows-x86_64 | 0.31.0 | 188.00 | 168.00 | 356.00 | OK | |
r-patched-linux-x86_64 | 0.31.0 | 16.66 | 65.14 | 81.80 | OK | |
r-release-linux-x86_64 | 0.31.0 | 16.99 | 66.06 | 83.05 | OK | |
r-release-macos-arm64 | 0.31.0 | 54.00 | OK | |||
r-release-macos-x86_64 | 0.31.0 | 74.00 | OK | |||
r-release-windows-x86_64 | 0.31.0 | 196.00 | 158.00 | 354.00 | OK | |
r-oldrel-macos-arm64 | 0.31.0 | 55.00 | OK | |||
r-oldrel-macos-x86_64 | 0.31.0 | 75.00 | OK | |||
r-oldrel-windows-ix86+x86_64 | 0.31.0 | 64.00 | 182.00 | 246.00 | NOTE |
Version: 0.31.0
Check: installed package size
Result: NOTE
installed size is 8.0Mb
sub-directories of 1Mb or more:
libs 7.5Mb
Flavor: r-oldrel-windows-ix86+x86_64