Last updated on 2023-02-06 06:51:58 CET.
Flavor | Version | Tinstall | Tcheck | Ttotal | Status | Flags |
---|---|---|---|---|---|---|
r-devel-linux-x86_64-debian-clang | 0.3.2 | 4.55 | 57.52 | 62.07 | OK | |
r-devel-linux-x86_64-debian-gcc | 0.3.2 | 3.47 | 43.38 | 46.85 | OK | |
r-devel-linux-x86_64-fedora-clang | 0.3.2 | 76.09 | NOTE | |||
r-devel-linux-x86_64-fedora-gcc | 0.3.2 | 85.44 | NOTE | |||
r-devel-windows-x86_64 | 0.3.2 | 29.00 | 102.00 | 131.00 | OK | |
r-patched-linux-x86_64 | 0.3.2 | 5.29 | 53.32 | 58.61 | OK | |
r-release-linux-x86_64 | 0.3.2 | 4.20 | 53.61 | 57.81 | OK | |
r-release-macos-arm64 | 0.3.2 | 36.00 | NOTE | |||
r-release-macos-x86_64 | 0.3.2 | 45.00 | NOTE | |||
r-release-windows-x86_64 | 0.3.2 | 28.00 | 90.00 | 118.00 | OK | |
r-oldrel-macos-arm64 | 0.3.2 | 35.00 | NOTE | |||
r-oldrel-macos-x86_64 | 0.3.2 | 49.00 | NOTE | |||
r-oldrel-windows-ix86+x86_64 | 0.3.2 | 10.00 | 78.00 | 88.00 | OK |
Version: 0.3.2
Check: data for non-ASCII characters
Result: NOTE
Note: found 1178 marked UTF-8 strings
Flavors: r-devel-linux-x86_64-fedora-clang, r-devel-linux-x86_64-fedora-gcc, r-release-macos-arm64, r-release-macos-x86_64, r-oldrel-macos-arm64, r-oldrel-macos-x86_64