CRAN Package Check Results for Package gimmeTools

Last updated on 2024-04-17 07:02:27 CEST.

Flavor Version Tinstall Tcheck Ttotal Status Flags
r-devel-linux-x86_64-debian-clang 0.1 7.00 47.97 54.97 NOTE
r-devel-linux-x86_64-debian-gcc 0.1 4.63 36.16 40.79 NOTE
r-devel-linux-x86_64-fedora-clang 0.1 68.02 NOTE
r-devel-linux-x86_64-fedora-gcc 0.1 65.59 NOTE
r-prerel-macos-arm64 0.1 21.00 NOTE
r-prerel-windows-x86_64 0.1 7.00 55.00 62.00 NOTE
r-patched-linux-x86_64 0.1 5.35 44.91 50.26 NOTE
r-release-linux-x86_64 0.1 5.16 45.41 50.57 NOTE
r-release-macos-arm64 0.1 25.00 NOTE
r-release-macos-x86_64 0.1 35.00 NOTE
r-release-windows-x86_64 0.1 9.00 66.00 75.00 NOTE
r-oldrel-macos-arm64 0.1 22.00 NOTE
r-oldrel-windows-x86_64 0.1 8.00 66.00 74.00 NOTE

Check Details

Version: 0.1
Check: LazyData
Result: NOTE 'LazyData' is specified without a 'data' directory Flavors: r-devel-linux-x86_64-debian-clang, r-devel-linux-x86_64-debian-gcc, r-devel-linux-x86_64-fedora-clang, r-devel-linux-x86_64-fedora-gcc, r-prerel-macos-arm64, r-prerel-windows-x86_64, r-patched-linux-x86_64, r-release-linux-x86_64, r-release-macos-arm64, r-release-macos-x86_64, r-release-windows-x86_64, r-oldrel-macos-arm64, r-oldrel-windows-x86_64