CRAN Package Check Results for Package gimme

Last updated on 2023-01-29 07:56:04 CET.

Flavor Version Tinstall Tcheck Ttotal Status Flags
r-devel-linux-x86_64-debian-clang 0.7-10 19.30 169.22 188.52 OK
r-devel-linux-x86_64-debian-gcc 0.7-10 20.47 124.52 144.99 OK
r-devel-linux-x86_64-fedora-clang 0.7-10 238.10 NOTE
r-devel-linux-x86_64-fedora-gcc 0.7-10 241.42 NOTE
r-devel-windows-x86_64 0.7-10 45.00 203.00 248.00 OK
r-patched-linux-x86_64 0.7-10 21.38 156.47 177.85 OK
r-release-linux-x86_64 0.7-10 22.49 156.89 179.38 OK
r-release-macos-arm64 0.7-10 62.00 OK
r-release-macos-x86_64 0.7-10 87.00 NOTE
r-release-windows-x86_64 0.7-10 50.00 183.00 233.00 OK
r-oldrel-macos-arm64 0.7-10 65.00 OK
r-oldrel-macos-x86_64 0.7-10 88.00 NOTE
r-oldrel-windows-ix86+x86_64 0.7-10 48.00 179.00 227.00 OK

Check Details

Version: 0.7-10
Check: dependencies in R code
Result: NOTE
    Namespaces in Imports field not imported from:
     ‘aTSA’ ‘mvtnorm’
     All declared Imports should be used.
Flavors: r-devel-linux-x86_64-fedora-clang, r-devel-linux-x86_64-fedora-gcc, r-release-macos-x86_64, r-oldrel-macos-x86_64