CRAN Package Check Results for Package ghapps

Last updated on 2024-07-14 06:54:23 CEST.

Flavor Version Tinstall Tcheck Ttotal Status Flags
r-devel-linux-x86_64-debian-clang 1.0.0 2.15 28.31 30.46 OK
r-devel-linux-x86_64-debian-gcc 1.0.0 2.31 22.55 24.86 OK
r-devel-linux-x86_64-fedora-clang 1.0.0 39.57 OK
r-devel-linux-x86_64-fedora-gcc 1.0.0 38.10 OK
r-devel-windows-x86_64 1.0.0 4.00 45.00 49.00 NOTE
r-patched-linux-x86_64 1.0.0 6.92 27.92 34.84 OK
r-release-linux-x86_64 1.0.0 3.22 27.47 30.69 OK
r-release-macos-arm64 1.0.0 18.00 OK
r-release-macos-x86_64 1.0.0 24.00 OK
r-release-windows-x86_64 1.0.0 4.00 45.00 49.00 OK
r-oldrel-macos-arm64 1.0.0 22.00 OK
r-oldrel-macos-x86_64 1.0.0 24.00 OK
r-oldrel-windows-x86_64 1.0.0 4.00 46.00 50.00 OK

Check Details

Version: 1.0.0
Check: Rd cross-references
Result: NOTE Found the following Rd file(s) with Rd \link{} targets missing package anchors: ghapps.Rd: gh Please provide package anchors for all Rd \link{} targets not in the package itself and the base packages. Flavor: r-devel-windows-x86_64