CRAN Package Check Results for Package ggx

Last updated on 2023-10-04 07:03:05 CEST.

Flavor Version Tinstall Tcheck Ttotal Status Flags
r-devel-linux-x86_64-debian-clang 0.1.1 1.54 33.80 35.34 NOTE
r-devel-linux-x86_64-debian-gcc 0.1.1 1.72 25.81 27.53 NOTE
r-devel-linux-x86_64-fedora-clang 0.1.1 45.18 NOTE
r-devel-linux-x86_64-fedora-gcc 0.1.1 60.16 NOTE
r-devel-windows-x86_64 0.1.1 4.00 49.00 53.00 NOTE
r-patched-linux-x86_64 0.1.1 1.50 32.43 33.93 NOTE
r-release-linux-x86_64 0.1.1 1.99 32.76 34.75 NOTE
r-release-macos-arm64 0.1.1 24.00 NOTE
r-release-macos-x86_64 0.1.1 40.00 NOTE
r-release-windows-x86_64 0.1.1 6.00 51.00 57.00 NOTE
r-oldrel-macos-arm64 0.1.1 19.00 NOTE
r-oldrel-macos-x86_64 0.1.1 35.00 NOTE
r-oldrel-windows-x86_64 0.1.1 5.00 52.00 57.00 NOTE

Check Details

Version: 0.1.1
Check: LazyData
Result: NOTE
     'LazyData' is specified without a 'data' directory
Flavors: r-devel-linux-x86_64-debian-clang, r-devel-linux-x86_64-debian-gcc, r-devel-linux-x86_64-fedora-clang, r-devel-linux-x86_64-fedora-gcc, r-devel-windows-x86_64, r-patched-linux-x86_64, r-release-linux-x86_64, r-release-macos-arm64, r-release-macos-x86_64, r-release-windows-x86_64, r-oldrel-macos-arm64, r-oldrel-macos-x86_64, r-oldrel-windows-x86_64

Version: 0.1.1
Check: dependencies in R code
Result: NOTE
    Namespace in Imports field not imported from: ‘ggplot2’
     All declared Imports should be used.
Flavors: r-devel-linux-x86_64-fedora-clang, r-devel-linux-x86_64-fedora-gcc, r-oldrel-macos-arm64, r-oldrel-macos-x86_64