CRAN Package Check Results for Package ggthemes

Last updated on 2022-11-29 06:50:49 CET.

Flavor Version Tinstall Tcheck Ttotal Status Flags
r-devel-linux-x86_64-debian-clang 4.2.4 10.51 133.30 143.81 OK
r-devel-linux-x86_64-debian-gcc 4.2.4 6.94 97.00 103.94 OK
r-devel-linux-x86_64-fedora-clang 4.2.4 178.43 NOTE
r-devel-linux-x86_64-fedora-gcc 4.2.4 173.38 NOTE
r-devel-windows-x86_64 4.2.4 106.00 178.00 284.00 OK
r-patched-linux-x86_64 4.2.4 14.20 118.62 132.82 OK
r-release-linux-x86_64 4.2.4 8.87 117.20 126.07 OK
r-release-macos-arm64 4.2.4 43.00 NOTE
r-release-macos-x86_64 4.2.4 61.00 NOTE
r-release-windows-x86_64 4.2.4 106.00 162.00 268.00 OK
r-oldrel-macos-arm64 4.2.4 52.00 NOTE
r-oldrel-macos-x86_64 4.2.4 84.00 NOTE
r-oldrel-windows-ix86+x86_64 4.2.4 22.00 152.00 174.00 OK

Check Details

Version: 4.2.4
Check: data for non-ASCII characters
Result: NOTE
     Note: found 138 marked UTF-8 strings
Flavors: r-devel-linux-x86_64-fedora-clang, r-devel-linux-x86_64-fedora-gcc, r-release-macos-arm64, r-release-macos-x86_64, r-oldrel-macos-arm64, r-oldrel-macos-x86_64