CRAN Package Check Results for Package ggstream

Last updated on 2023-01-27 07:50:33 CET.

Flavor Version Tinstall Tcheck Ttotal Status Flags
r-devel-linux-x86_64-debian-clang 0.1.0 4.00 50.13 54.13 OK
r-devel-linux-x86_64-debian-gcc 0.1.0 4.13 37.46 41.59 OK
r-devel-linux-x86_64-fedora-clang 0.1.0 68.24 NOTE
r-devel-linux-x86_64-fedora-gcc 0.1.0 65.21 NOTE
r-devel-windows-x86_64 0.1.0 15.00 75.00 90.00 OK
r-patched-linux-x86_64 0.1.0 4.58 48.48 53.06 OK
r-release-linux-x86_64 0.1.0 5.27 49.21 54.48 OK
r-release-macos-arm64 0.1.0 22.00 NOTE
r-release-macos-x86_64 0.1.0 44.00 NOTE
r-release-windows-x86_64 0.1.0 16.00 78.00 94.00 OK
r-oldrel-macos-arm64 0.1.0 22.00 NOTE
r-oldrel-macos-x86_64 0.1.0 40.00 NOTE
r-oldrel-windows-ix86+x86_64 0.1.0 11.00 81.00 92.00 OK

Check Details

Version: 0.1.0
Check: dependencies in R code
Result: NOTE
    Namespace in Imports field not imported from: ‘tidyr’
     All declared Imports should be used.
Flavors: r-devel-linux-x86_64-fedora-clang, r-devel-linux-x86_64-fedora-gcc, r-release-macos-arm64, r-release-macos-x86_64, r-oldrel-macos-arm64, r-oldrel-macos-x86_64