CRAN Package Check Results for Package ggstance

Last updated on 2022-09-25 06:54:10 CEST.

Flavor Version Tinstall Tcheck Ttotal Status Flags
r-devel-linux-x86_64-debian-clang 0.3.5 7.87 77.69 85.56 NOTE
r-devel-linux-x86_64-debian-gcc 0.3.5 7.65 57.59 65.24 NOTE
r-devel-linux-x86_64-fedora-clang 0.3.5 112.21 NOTE
r-devel-linux-x86_64-fedora-gcc 0.3.5 117.62 NOTE
r-devel-windows-x86_64 0.3.5 38.00 104.00 142.00 NOTE
r-patched-linux-x86_64 0.3.5 7.32 73.18 80.50 NOTE
r-release-linux-x86_64 0.3.5 8.60 73.30 81.90 NOTE
r-release-macos-arm64 0.3.5 30.00 NOTE
r-release-macos-x86_64 0.3.5 56.00 NOTE
r-release-windows-x86_64 0.3.5 12.00 101.00 113.00 NOTE
r-oldrel-macos-arm64 0.3.5 40.00 NOTE
r-oldrel-macos-x86_64 0.3.5 70.00 NOTE
r-oldrel-windows-ix86+x86_64 0.3.5 18.00 98.00 116.00 NOTE

Check Details

Version: 0.3.5
Check: LazyData
Result: NOTE
     'LazyData' is specified without a 'data' directory
Flavors: r-devel-linux-x86_64-debian-clang, r-devel-linux-x86_64-debian-gcc, r-devel-linux-x86_64-fedora-clang, r-devel-linux-x86_64-fedora-gcc, r-devel-windows-x86_64, r-patched-linux-x86_64, r-release-linux-x86_64, r-release-macos-arm64, r-release-macos-x86_64, r-release-windows-x86_64, r-oldrel-macos-arm64, r-oldrel-macos-x86_64, r-oldrel-windows-ix86+x86_64