Last updated on 2023-12-03 08:50:08 CET.
Flavor | Version | Tinstall | Tcheck | Ttotal | Status | Flags |
---|---|---|---|---|---|---|
r-devel-linux-x86_64-debian-clang | 0.2.2 | 17.51 | 203.60 | 221.11 | ERROR | |
r-devel-linux-x86_64-debian-gcc | 0.2.2 | 14.02 | 151.64 | 165.66 | ERROR | |
r-devel-linux-x86_64-fedora-clang | 0.2.2 | 270.93 | OK | |||
r-devel-linux-x86_64-fedora-gcc | 0.2.2 | 281.13 | OK | |||
r-devel-windows-x86_64 | 0.2.2 | 17.00 | 179.00 | 196.00 | ERROR | |
r-patched-linux-x86_64 | 0.2.2 | 21.41 | 191.54 | 212.95 | ERROR | |
r-release-linux-x86_64 | 0.2.2 | 16.33 | 193.29 | 209.62 | OK | |
r-release-macos-arm64 | 0.2.2 | 83.00 | OK | |||
r-release-macos-x86_64 | 0.2.2 | 143.00 | OK | |||
r-release-windows-x86_64 | 0.2.2 | 20.00 | 212.00 | 232.00 | ERROR | |
r-oldrel-macos-arm64 | 0.2.2 | 90.00 | OK | |||
r-oldrel-macos-x86_64 | 0.2.2 | 109.00 | OK | |||
r-oldrel-windows-x86_64 | 0.2.2 | 22.00 | 203.00 | 225.00 | ERROR |
Version: 0.2.2
Check: tests
Result: ERROR
Running ‘testthat.R’ [28s/32s]
Running the tests in ‘tests/testthat.R’ failed.
Complete output:
> library(testthat)
> library(vdiffr)
> library(ggplot2)
> library(ggside)
Registered S3 method overwritten by 'ggside':
method from
+.gg ggplot2
>
> test_check("ggside")
[ FAIL 2 | WARN 0 | SKIP 21 | PASS 84 ]
══ Skipped tests (21) ══════════════════════════════════════════════════════════
• On CRAN (21): 'test_FacetGrid_ggside_themes.R:11:3',
'test_FacetGrid_ggside_themes.R:23:3', 'test_FacetNull_ggside_themes.R:11:3',
'test_FacetNull_ggside_themes.R:23:3', 'test_FacetWrap_ggside_themes.R:11:3',
'test_FacetWrap_ggside_themes.R:23:3', 'test_axis_render_position.R:10:3',
'test_ggside_axis_polts.R:9:3', 'test_ggside_axis_polts.R:16:3',
'test_ggside_axis_polts.R:27:3', 'test_ggside_axis_polts.R:40:3',
'test_ggside_axis_polts.R:58:3', 'test_ggside_extended_themes.R:14:3',
'test_ggside_extended_themes.R:30:3', 'test_ggside_scales.R:23:3',
'test_non_aes_mapping_legend.R:11:3', 'test_vdiff_diamondplots.R:40:3',
'test_vdiff_diamondplots.R:56:3', 'test_vdiff_diamondplots.R:66:3',
'test_vdiff_irisScatter.R:10:3', 'test_vdiff_irisScatter.R:28:3'
══ Failed tests ════════════════════════════════════════════════════════════════
── Error ('test_continuous_date_axis.R:19:3'): default ggplot2 error ───────────
Error in `geom_histogram(orientation = "y", binwidth = 0.5)`: Problem while mapping stat to aesthetics.
i Error occurred in the 2nd layer.
Caused by error in `self$trans$transform()`:
! `transform_date()` works with objects of class <Date> only
── Error ('test_continuous_date_axis.R:27:3'): ggside work-around works ────────
Error in `geom_ysidehistogram(bins = 30)`: Problem while mapping stat to aesthetics.
i Error occurred in the 3rd layer.
Caused by error in `self$trans$transform()`:
! `transform_date()` works with objects of class <Date> only
[ FAIL 2 | WARN 0 | SKIP 21 | PASS 84 ]
Deleting unused snapshots:
• FacetGrid_ggside_themes/grid-xside-ggside-panel-scale-5.svg
• FacetGrid_ggside_themes/grid-xside-ggside-panel-scale-y-5.svg
• FacetGrid_ggside_themes/grid-xside-ggside-panel-spacing-10pt.svg
• FacetGrid_ggside_themes/grid-xside-ggside-panel-spacing-y-10pt.svg
• FacetGrid_ggside_themes/grid-xyside-ggside-panel-scale-5.svg
• FacetGrid_ggside_themes/grid-xyside-ggside-panel-scale-x-5.svg
• FacetGrid_ggside_themes/grid-xyside-ggside-panel-scale-y-5.svg
• FacetGrid_ggside_themes/grid-xyside-ggside-panel-spacing-10pt.svg
• FacetGrid_ggside_themes/grid-xyside-ggside-panel-spacing-x-10pt.svg
• FacetGrid_ggside_themes/grid-xyside-ggside-panel-spacing-y-10pt.svg
• FacetGrid_ggside_themes/grid-yside-ggside-panel-scale-5.svg
• FacetGrid_ggside_themes/grid-yside-ggside-panel-scale-x-5.svg
• FacetGrid_ggside_themes/grid-yside-ggside-panel-scale-y-5.svg
• FacetGrid_ggside_themes/grid-yside-ggside-panel-spacing-10pt.svg
• FacetGrid_ggside_themes/grid-yside-ggside-panel-spacing-x-10pt.svg
• FacetGrid_ggside_themes/grid-yside-ggside-panel-spacing-y-10pt.svg
• FacetNull_ggside_themes/xside-ggside-panel-scale-5.svg
• FacetNull_ggside_themes/xside-ggside-panel-scale-y-5.svg
• FacetNull_ggside_themes/xside-ggside-panel-spacing-10pt.svg
• FacetNull_ggside_themes/xside-ggside-panel-spacing-y-10pt.svg
• FacetNull_ggside_themes/xyside-ggside-panel-scale-5.svg
• FacetNull_ggside_themes/xyside-ggside-panel-scale-x-5.svg
• FacetNull_ggside_themes/xyside-ggside-panel-scale-y-5.svg
• FacetNull_ggside_themes/xyside-ggside-panel-spacing-10pt.svg
• FacetNull_ggside_themes/xyside-ggside-panel-spacing-x-10pt.svg
• FacetNull_ggside_themes/xyside-ggside-panel-spacing-y-10pt.svg
• FacetNull_ggside_themes/yside-ggside-panel-scale-5.svg
• FacetNull_ggside_themes/yside-ggside-panel-scale-x-5.svg
• FacetNull_ggside_themes/yside-ggside-panel-scale-y-5.svg
• FacetNull_ggside_themes/yside-ggside-panel-spacing-10pt.svg
• FacetNull_ggside_themes/yside-ggside-panel-spacing-x-10pt.svg
• FacetNull_ggside_themes/yside-ggside-panel-spacing-y-10pt.svg
• FacetWrap_ggside_themes/wrap-xside-ggside-panel-scale-5.svg
• FacetWrap_ggside_themes/wrap-xside-ggside-panel-scale-y-5.svg
• FacetWrap_ggside_themes/wrap-xside-ggside-panel-spacing-10pt.svg
• FacetWrap_ggside_themes/wrap-xside-ggside-panel-spacing-y-10pt.svg
• FacetWrap_ggside_themes/wrap-xyside-ggside-panel-scale-5.svg
• FacetWrap_ggside_themes/wrap-xyside-ggside-panel-scale-x-5.svg
• FacetWrap_ggside_themes/wrap-xyside-ggside-panel-scale-y-5.svg
• FacetWrap_ggside_themes/wrap-xyside-ggside-panel-spacing-10pt.svg
• FacetWrap_ggside_themes/wrap-xyside-ggside-panel-spacing-x-10pt.svg
• FacetWrap_ggside_themes/wrap-xyside-ggside-panel-spacing-y-10pt.svg
• FacetWrap_ggside_themes/wrap-yside-ggside-panel-scale-5.svg
• FacetWrap_ggside_themes/wrap-yside-ggside-panel-scale-x-5.svg
• FacetWrap_ggside_themes/wrap-yside-ggside-panel-scale-y-5.svg
• FacetWrap_ggside_themes/wrap-yside-ggside-panel-spacing-10pt.svg
• FacetWrap_ggside_themes/wrap-yside-ggside-panel-spacing-x-10pt.svg
• FacetWrap_ggside_themes/wrap-yside-ggside-panel-spacing-y-10pt.svg
• axis_render_position/grid-default.svg
• axis_render_position/grid-x-on-main-pos-bot.svg
• axis_render_position/grid-x-on-main-top.svg
• axis_render_position/grid-x-on-side-pos-bot.svg
• axis_render_position/grid-x-on-side.svg
• axis_render_position/grid-y-on-main-pos-left.svg
• axis_render_position/grid-y-on-main-right.svg
• axis_render_position/grid-y-on-side-pos-left.svg
• axis_render_position/grid-y-on-side.svg
• axis_render_position/wrap-default.svg
• axis_render_position/wrap-x-on-main-pos-bot.svg
• axis_render_position/wrap-x-on-main-top.svg
• axis_render_position/wrap-x-on-side-pos-bot.svg
• axis_render_position/wrap-x-on-side.svg
• axis_render_position/wrap-y-on-main-pos-left.svg
• axis_render_position/wrap-y-on-main-right.svg
• axis_render_position/wrap-y-on-side-pos-left.svg
• axis_render_position/wrap-y-on-side.svg
• axis_render_position/x-on-main-pos-bot.svg
• axis_render_position/x-on-main-top.svg
• axis_render_position/x-on-side-pos-bot.svg
• axis_render_position/x-on-side.svg
• axis_render_position/y-on-main-pos-left.svg
• axis_render_position/y-on-main-right.svg
• axis_render_position/y-on-side-pos-left.svg
• axis_render_position/y-on-side.svg
• continuous_date_axis/date-x-both.svg
• continuous_date_axis/date-x-xside.svg
• continuous_date_axis/date-x-yside.svg
• ggside_axis_polts/xside-bot-pos-top-grid.svg
• ggside_axis_polts/xside-bot-pos-top.svg
• ggside_axis_polts/xside-bottom.svg
• ggside_axis_polts/xside-top-noaxis.svg
• ggside_axis_polts/xside-top-pos-top-wrap.svg
• ggside_axis_polts/xside-top-pos-top.svg
• ggside_axis_polts/xyside-facet-grid.svg
• ggside_axis_polts/xyside-lb-pos-swap.svg
• ggside_axis_polts/xyside-lb.svg
• ggside_axis_polts/xyside-no-x-text.svg
• ggside_axis_polts/xyside-no-y-text.svg
• ggside_axis_polts/xyside-xb-pos-top.svg
• ggside_axis_polts/xyside-xb.svg
• ggside_axis_polts/xyside-yl-pos-right.svg
• ggside_axis_polts/xyside-yl.svg
• ggside_axis_polts/yside-left-pos-right-grid.svg
• ggside_axis_polts/yside-left-pos-right.svg
• ggside_axis_polts/yside-left.svg
• ggside_axis_polts/yside-right-noaxis.svg
• ggside_axis_polts/yside-right-pos-right-wrap.svg
• ggside_axis_polts/yside-right-pos-right.svg
• ggside_extended_themes/bw.svg
• ggside_extended_themes/classic.svg
• ggside_extended_themes/dark.svg
• ggside_extended_themes/gray.svg
• ggside_extended_themes/light.svg
• ggside_extended_themes/linedraw.svg
• ggside_extended_themes/minimal.svg
• ggside_extended_themes/side-panel-background.svg
• ggside_extended_themes/side-panel-border.svg
• ggside_extended_themes/void.svg
• ggside_scales/xsidey-ysidex-facetgrid.svg
• ggside_scales/xsidey-ysidex-facetwrap.svg
• non_aes_mapping_legend/non-aes-color-blue.svg
• non_aes_mapping_legend/non-aes-xcolor-red.svg
• vdiff_irisScatter/collapsed-histo.svg
• vdiff_irisScatter/facetgrid-collapsed-density.svg
• vdiff_irisScatter/facetgrid-histo.svg
• vdiff_irisScatter/facetgrid-side-density.svg
• vdiff_irisScatter/stacked-side-density.svg
• vdiff_irisScatter/yside-histo.svg
Error: Test failures
Execution halted
Flavor: r-devel-linux-x86_64-debian-clang
Version: 0.2.2
Check: tests
Result: ERROR
Running ‘testthat.R’ [21s/32s]
Running the tests in ‘tests/testthat.R’ failed.
Complete output:
> library(testthat)
> library(vdiffr)
> library(ggplot2)
> library(ggside)
Registered S3 method overwritten by 'ggside':
method from
+.gg ggplot2
>
> test_check("ggside")
[ FAIL 2 | WARN 0 | SKIP 21 | PASS 84 ]
══ Skipped tests (21) ══════════════════════════════════════════════════════════
• On CRAN (21): 'test_FacetGrid_ggside_themes.R:11:3',
'test_FacetGrid_ggside_themes.R:23:3', 'test_FacetNull_ggside_themes.R:11:3',
'test_FacetNull_ggside_themes.R:23:3', 'test_FacetWrap_ggside_themes.R:11:3',
'test_FacetWrap_ggside_themes.R:23:3', 'test_axis_render_position.R:10:3',
'test_ggside_axis_polts.R:9:3', 'test_ggside_axis_polts.R:16:3',
'test_ggside_axis_polts.R:27:3', 'test_ggside_axis_polts.R:40:3',
'test_ggside_axis_polts.R:58:3', 'test_ggside_extended_themes.R:14:3',
'test_ggside_extended_themes.R:30:3', 'test_ggside_scales.R:23:3',
'test_non_aes_mapping_legend.R:11:3', 'test_vdiff_diamondplots.R:40:3',
'test_vdiff_diamondplots.R:56:3', 'test_vdiff_diamondplots.R:66:3',
'test_vdiff_irisScatter.R:10:3', 'test_vdiff_irisScatter.R:28:3'
══ Failed tests ════════════════════════════════════════════════════════════════
── Error ('test_continuous_date_axis.R:19:3'): default ggplot2 error ───────────
Error in `geom_histogram(orientation = "y", binwidth = 0.5)`: Problem while mapping stat to aesthetics.
i Error occurred in the 2nd layer.
Caused by error in `self$trans$transform()`:
! `transform_date()` works with objects of class <Date> only
── Error ('test_continuous_date_axis.R:27:3'): ggside work-around works ────────
Error in `geom_ysidehistogram(bins = 30)`: Problem while mapping stat to aesthetics.
i Error occurred in the 3rd layer.
Caused by error in `self$trans$transform()`:
! `transform_date()` works with objects of class <Date> only
[ FAIL 2 | WARN 0 | SKIP 21 | PASS 84 ]
Deleting unused snapshots:
• FacetGrid_ggside_themes/grid-xside-ggside-panel-scale-5.svg
• FacetGrid_ggside_themes/grid-xside-ggside-panel-scale-y-5.svg
• FacetGrid_ggside_themes/grid-xside-ggside-panel-spacing-10pt.svg
• FacetGrid_ggside_themes/grid-xside-ggside-panel-spacing-y-10pt.svg
• FacetGrid_ggside_themes/grid-xyside-ggside-panel-scale-5.svg
• FacetGrid_ggside_themes/grid-xyside-ggside-panel-scale-x-5.svg
• FacetGrid_ggside_themes/grid-xyside-ggside-panel-scale-y-5.svg
• FacetGrid_ggside_themes/grid-xyside-ggside-panel-spacing-10pt.svg
• FacetGrid_ggside_themes/grid-xyside-ggside-panel-spacing-x-10pt.svg
• FacetGrid_ggside_themes/grid-xyside-ggside-panel-spacing-y-10pt.svg
• FacetGrid_ggside_themes/grid-yside-ggside-panel-scale-5.svg
• FacetGrid_ggside_themes/grid-yside-ggside-panel-scale-x-5.svg
• FacetGrid_ggside_themes/grid-yside-ggside-panel-scale-y-5.svg
• FacetGrid_ggside_themes/grid-yside-ggside-panel-spacing-10pt.svg
• FacetGrid_ggside_themes/grid-yside-ggside-panel-spacing-x-10pt.svg
• FacetGrid_ggside_themes/grid-yside-ggside-panel-spacing-y-10pt.svg
• FacetNull_ggside_themes/xside-ggside-panel-scale-5.svg
• FacetNull_ggside_themes/xside-ggside-panel-scale-y-5.svg
• FacetNull_ggside_themes/xside-ggside-panel-spacing-10pt.svg
• FacetNull_ggside_themes/xside-ggside-panel-spacing-y-10pt.svg
• FacetNull_ggside_themes/xyside-ggside-panel-scale-5.svg
• FacetNull_ggside_themes/xyside-ggside-panel-scale-x-5.svg
• FacetNull_ggside_themes/xyside-ggside-panel-scale-y-5.svg
• FacetNull_ggside_themes/xyside-ggside-panel-spacing-10pt.svg
• FacetNull_ggside_themes/xyside-ggside-panel-spacing-x-10pt.svg
• FacetNull_ggside_themes/xyside-ggside-panel-spacing-y-10pt.svg
• FacetNull_ggside_themes/yside-ggside-panel-scale-5.svg
• FacetNull_ggside_themes/yside-ggside-panel-scale-x-5.svg
• FacetNull_ggside_themes/yside-ggside-panel-scale-y-5.svg
• FacetNull_ggside_themes/yside-ggside-panel-spacing-10pt.svg
• FacetNull_ggside_themes/yside-ggside-panel-spacing-x-10pt.svg
• FacetNull_ggside_themes/yside-ggside-panel-spacing-y-10pt.svg
• FacetWrap_ggside_themes/wrap-xside-ggside-panel-scale-5.svg
• FacetWrap_ggside_themes/wrap-xside-ggside-panel-scale-y-5.svg
• FacetWrap_ggside_themes/wrap-xside-ggside-panel-spacing-10pt.svg
• FacetWrap_ggside_themes/wrap-xside-ggside-panel-spacing-y-10pt.svg
• FacetWrap_ggside_themes/wrap-xyside-ggside-panel-scale-5.svg
• FacetWrap_ggside_themes/wrap-xyside-ggside-panel-scale-x-5.svg
• FacetWrap_ggside_themes/wrap-xyside-ggside-panel-scale-y-5.svg
• FacetWrap_ggside_themes/wrap-xyside-ggside-panel-spacing-10pt.svg
• FacetWrap_ggside_themes/wrap-xyside-ggside-panel-spacing-x-10pt.svg
• FacetWrap_ggside_themes/wrap-xyside-ggside-panel-spacing-y-10pt.svg
• FacetWrap_ggside_themes/wrap-yside-ggside-panel-scale-5.svg
• FacetWrap_ggside_themes/wrap-yside-ggside-panel-scale-x-5.svg
• FacetWrap_ggside_themes/wrap-yside-ggside-panel-scale-y-5.svg
• FacetWrap_ggside_themes/wrap-yside-ggside-panel-spacing-10pt.svg
• FacetWrap_ggside_themes/wrap-yside-ggside-panel-spacing-x-10pt.svg
• FacetWrap_ggside_themes/wrap-yside-ggside-panel-spacing-y-10pt.svg
• axis_render_position/grid-default.svg
• axis_render_position/grid-x-on-main-pos-bot.svg
• axis_render_position/grid-x-on-main-top.svg
• axis_render_position/grid-x-on-side-pos-bot.svg
• axis_render_position/grid-x-on-side.svg
• axis_render_position/grid-y-on-main-pos-left.svg
• axis_render_position/grid-y-on-main-right.svg
• axis_render_position/grid-y-on-side-pos-left.svg
• axis_render_position/grid-y-on-side.svg
• axis_render_position/wrap-default.svg
• axis_render_position/wrap-x-on-main-pos-bot.svg
• axis_render_position/wrap-x-on-main-top.svg
• axis_render_position/wrap-x-on-side-pos-bot.svg
• axis_render_position/wrap-x-on-side.svg
• axis_render_position/wrap-y-on-main-pos-left.svg
• axis_render_position/wrap-y-on-main-right.svg
• axis_render_position/wrap-y-on-side-pos-left.svg
• axis_render_position/wrap-y-on-side.svg
• axis_render_position/x-on-main-pos-bot.svg
• axis_render_position/x-on-main-top.svg
• axis_render_position/x-on-side-pos-bot.svg
• axis_render_position/x-on-side.svg
• axis_render_position/y-on-main-pos-left.svg
• axis_render_position/y-on-main-right.svg
• axis_render_position/y-on-side-pos-left.svg
• axis_render_position/y-on-side.svg
• continuous_date_axis/date-x-both.svg
• continuous_date_axis/date-x-xside.svg
• continuous_date_axis/date-x-yside.svg
• ggside_axis_polts/xside-bot-pos-top-grid.svg
• ggside_axis_polts/xside-bot-pos-top.svg
• ggside_axis_polts/xside-bottom.svg
• ggside_axis_polts/xside-top-noaxis.svg
• ggside_axis_polts/xside-top-pos-top-wrap.svg
• ggside_axis_polts/xside-top-pos-top.svg
• ggside_axis_polts/xyside-facet-grid.svg
• ggside_axis_polts/xyside-lb-pos-swap.svg
• ggside_axis_polts/xyside-lb.svg
• ggside_axis_polts/xyside-no-x-text.svg
• ggside_axis_polts/xyside-no-y-text.svg
• ggside_axis_polts/xyside-xb-pos-top.svg
• ggside_axis_polts/xyside-xb.svg
• ggside_axis_polts/xyside-yl-pos-right.svg
• ggside_axis_polts/xyside-yl.svg
• ggside_axis_polts/yside-left-pos-right-grid.svg
• ggside_axis_polts/yside-left-pos-right.svg
• ggside_axis_polts/yside-left.svg
• ggside_axis_polts/yside-right-noaxis.svg
• ggside_axis_polts/yside-right-pos-right-wrap.svg
• ggside_axis_polts/yside-right-pos-right.svg
• ggside_extended_themes/bw.svg
• ggside_extended_themes/classic.svg
• ggside_extended_themes/dark.svg
• ggside_extended_themes/gray.svg
• ggside_extended_themes/light.svg
• ggside_extended_themes/linedraw.svg
• ggside_extended_themes/minimal.svg
• ggside_extended_themes/side-panel-background.svg
• ggside_extended_themes/side-panel-border.svg
• ggside_extended_themes/void.svg
• ggside_scales/xsidey-ysidex-facetgrid.svg
• ggside_scales/xsidey-ysidex-facetwrap.svg
• non_aes_mapping_legend/non-aes-color-blue.svg
• non_aes_mapping_legend/non-aes-xcolor-red.svg
• vdiff_irisScatter/collapsed-histo.svg
• vdiff_irisScatter/facetgrid-collapsed-density.svg
• vdiff_irisScatter/facetgrid-histo.svg
• vdiff_irisScatter/facetgrid-side-density.svg
• vdiff_irisScatter/stacked-side-density.svg
• vdiff_irisScatter/yside-histo.svg
Error: Test failures
Execution halted
Flavor: r-devel-linux-x86_64-debian-gcc
Version: 0.2.2
Check: tests
Result: ERROR
Running 'testthat.R' [17s]
Running the tests in 'tests/testthat.R' failed.
Complete output:
> library(testthat)
> library(vdiffr)
> library(ggplot2)
> library(ggside)
Registered S3 method overwritten by 'ggside':
method from
+.gg ggplot2
>
> test_check("ggside")
[ FAIL 2 | WARN 0 | SKIP 21 | PASS 84 ]
══ Skipped tests (21) ══════════════════════════════════════════════════════════
• On CRAN (21): 'test_FacetGrid_ggside_themes.R:11:3',
'test_FacetGrid_ggside_themes.R:23:3', 'test_FacetNull_ggside_themes.R:11:3',
'test_FacetNull_ggside_themes.R:23:3', 'test_FacetWrap_ggside_themes.R:11:3',
'test_FacetWrap_ggside_themes.R:23:3', 'test_axis_render_position.R:10:3',
'test_ggside_axis_polts.R:9:3', 'test_ggside_axis_polts.R:16:3',
'test_ggside_axis_polts.R:27:3', 'test_ggside_axis_polts.R:40:3',
'test_ggside_axis_polts.R:58:3', 'test_ggside_extended_themes.R:14:3',
'test_ggside_extended_themes.R:30:3', 'test_ggside_scales.R:23:3',
'test_non_aes_mapping_legend.R:11:3', 'test_vdiff_diamondplots.R:40:3',
'test_vdiff_diamondplots.R:56:3', 'test_vdiff_diamondplots.R:66:3',
'test_vdiff_irisScatter.R:10:3', 'test_vdiff_irisScatter.R:28:3'
══ Failed tests ════════════════════════════════════════════════════════════════
── Error ('test_continuous_date_axis.R:19:3'): default ggplot2 error ───────────
Error in `geom_histogram(orientation = "y", binwidth = 0.5)`: Problem while mapping stat to aesthetics.
i Error occurred in the 2nd layer.
Caused by error in `self$trans$transform()`:
! `transform_date()` works with objects of class <Date> only
── Error ('test_continuous_date_axis.R:27:3'): ggside work-around works ────────
Error in `geom_ysidehistogram(bins = 30)`: Problem while mapping stat to aesthetics.
i Error occurred in the 3rd layer.
Caused by error in `self$trans$transform()`:
! `transform_date()` works with objects of class <Date> only
[ FAIL 2 | WARN 0 | SKIP 21 | PASS 84 ]
Deleting unused snapshots:
• FacetGrid_ggside_themes/grid-xside-ggside-panel-scale-5.svg
• FacetGrid_ggside_themes/grid-xside-ggside-panel-scale-y-5.svg
• FacetGrid_ggside_themes/grid-xside-ggside-panel-spacing-10pt.svg
• FacetGrid_ggside_themes/grid-xside-ggside-panel-spacing-y-10pt.svg
• FacetGrid_ggside_themes/grid-xyside-ggside-panel-scale-5.svg
• FacetGrid_ggside_themes/grid-xyside-ggside-panel-scale-x-5.svg
• FacetGrid_ggside_themes/grid-xyside-ggside-panel-scale-y-5.svg
• FacetGrid_ggside_themes/grid-xyside-ggside-panel-spacing-10pt.svg
• FacetGrid_ggside_themes/grid-xyside-ggside-panel-spacing-x-10pt.svg
• FacetGrid_ggside_themes/grid-xyside-ggside-panel-spacing-y-10pt.svg
• FacetGrid_ggside_themes/grid-yside-ggside-panel-scale-5.svg
• FacetGrid_ggside_themes/grid-yside-ggside-panel-scale-x-5.svg
• FacetGrid_ggside_themes/grid-yside-ggside-panel-scale-y-5.svg
• FacetGrid_ggside_themes/grid-yside-ggside-panel-spacing-10pt.svg
• FacetGrid_ggside_themes/grid-yside-ggside-panel-spacing-x-10pt.svg
• FacetGrid_ggside_themes/grid-yside-ggside-panel-spacing-y-10pt.svg
• FacetNull_ggside_themes/xside-ggside-panel-scale-5.svg
• FacetNull_ggside_themes/xside-ggside-panel-scale-y-5.svg
• FacetNull_ggside_themes/xside-ggside-panel-spacing-10pt.svg
• FacetNull_ggside_themes/xside-ggside-panel-spacing-y-10pt.svg
• FacetNull_ggside_themes/xyside-ggside-panel-scale-5.svg
• FacetNull_ggside_themes/xyside-ggside-panel-scale-x-5.svg
• FacetNull_ggside_themes/xyside-ggside-panel-scale-y-5.svg
• FacetNull_ggside_themes/xyside-ggside-panel-spacing-10pt.svg
• FacetNull_ggside_themes/xyside-ggside-panel-spacing-x-10pt.svg
• FacetNull_ggside_themes/xyside-ggside-panel-spacing-y-10pt.svg
• FacetNull_ggside_themes/yside-ggside-panel-scale-5.svg
• FacetNull_ggside_themes/yside-ggside-panel-scale-x-5.svg
• FacetNull_ggside_themes/yside-ggside-panel-scale-y-5.svg
• FacetNull_ggside_themes/yside-ggside-panel-spacing-10pt.svg
• FacetNull_ggside_themes/yside-ggside-panel-spacing-x-10pt.svg
• FacetNull_ggside_themes/yside-ggside-panel-spacing-y-10pt.svg
• FacetWrap_ggside_themes/wrap-xside-ggside-panel-scale-5.svg
• FacetWrap_ggside_themes/wrap-xside-ggside-panel-scale-y-5.svg
• FacetWrap_ggside_themes/wrap-xside-ggside-panel-spacing-10pt.svg
• FacetWrap_ggside_themes/wrap-xside-ggside-panel-spacing-y-10pt.svg
• FacetWrap_ggside_themes/wrap-xyside-ggside-panel-scale-5.svg
• FacetWrap_ggside_themes/wrap-xyside-ggside-panel-scale-x-5.svg
• FacetWrap_ggside_themes/wrap-xyside-ggside-panel-scale-y-5.svg
• FacetWrap_ggside_themes/wrap-xyside-ggside-panel-spacing-10pt.svg
• FacetWrap_ggside_themes/wrap-xyside-ggside-panel-spacing-x-10pt.svg
• FacetWrap_ggside_themes/wrap-xyside-ggside-panel-spacing-y-10pt.svg
• FacetWrap_ggside_themes/wrap-yside-ggside-panel-scale-5.svg
• FacetWrap_ggside_themes/wrap-yside-ggside-panel-scale-x-5.svg
• FacetWrap_ggside_themes/wrap-yside-ggside-panel-scale-y-5.svg
• FacetWrap_ggside_themes/wrap-yside-ggside-panel-spacing-10pt.svg
• FacetWrap_ggside_themes/wrap-yside-ggside-panel-spacing-x-10pt.svg
• FacetWrap_ggside_themes/wrap-yside-ggside-panel-spacing-y-10pt.svg
• axis_render_position/grid-default.svg
• axis_render_position/grid-x-on-main-pos-bot.svg
• axis_render_position/grid-x-on-main-top.svg
• axis_render_position/grid-x-on-side-pos-bot.svg
• axis_render_position/grid-x-on-side.svg
• axis_render_position/grid-y-on-main-pos-left.svg
• axis_render_position/grid-y-on-main-right.svg
• axis_render_position/grid-y-on-side-pos-left.svg
• axis_render_position/grid-y-on-side.svg
• axis_render_position/wrap-default.svg
• axis_render_position/wrap-x-on-main-pos-bot.svg
• axis_render_position/wrap-x-on-main-top.svg
• axis_render_position/wrap-x-on-side-pos-bot.svg
• axis_render_position/wrap-x-on-side.svg
• axis_render_position/wrap-y-on-main-pos-left.svg
• axis_render_position/wrap-y-on-main-right.svg
• axis_render_position/wrap-y-on-side-pos-left.svg
• axis_render_position/wrap-y-on-side.svg
• axis_render_position/x-on-main-pos-bot.svg
• axis_render_position/x-on-main-top.svg
• axis_render_position/x-on-side-pos-bot.svg
• axis_render_position/x-on-side.svg
• axis_render_position/y-on-main-pos-left.svg
• axis_render_position/y-on-main-right.svg
• axis_render_position/y-on-side-pos-left.svg
• axis_render_position/y-on-side.svg
• continuous_date_axis/date-x-both.svg
• continuous_date_axis/date-x-xside.svg
• continuous_date_axis/date-x-yside.svg
• ggside_axis_polts/xside-bot-pos-top-grid.svg
• ggside_axis_polts/xside-bot-pos-top.svg
• ggside_axis_polts/xside-bottom.svg
• ggside_axis_polts/xside-top-noaxis.svg
• ggside_axis_polts/xside-top-pos-top-wrap.svg
• ggside_axis_polts/xside-top-pos-top.svg
• ggside_axis_polts/xyside-facet-grid.svg
• ggside_axis_polts/xyside-lb-pos-swap.svg
• ggside_axis_polts/xyside-lb.svg
• ggside_axis_polts/xyside-no-x-text.svg
• ggside_axis_polts/xyside-no-y-text.svg
• ggside_axis_polts/xyside-xb-pos-top.svg
• ggside_axis_polts/xyside-xb.svg
• ggside_axis_polts/xyside-yl-pos-right.svg
• ggside_axis_polts/xyside-yl.svg
• ggside_axis_polts/yside-left-pos-right-grid.svg
• ggside_axis_polts/yside-left-pos-right.svg
• ggside_axis_polts/yside-left.svg
• ggside_axis_polts/yside-right-noaxis.svg
• ggside_axis_polts/yside-right-pos-right-wrap.svg
• ggside_axis_polts/yside-right-pos-right.svg
• ggside_extended_themes/bw.svg
• ggside_extended_themes/classic.svg
• ggside_extended_themes/dark.svg
• ggside_extended_themes/gray.svg
• ggside_extended_themes/light.svg
• ggside_extended_themes/linedraw.svg
• ggside_extended_themes/minimal.svg
• ggside_extended_themes/side-panel-background.svg
• ggside_extended_themes/side-panel-border.svg
• ggside_extended_themes/void.svg
• ggside_scales/xsidey-ysidex-facetgrid.svg
• ggside_scales/xsidey-ysidex-facetwrap.svg
• non_aes_mapping_legend/non-aes-color-blue.svg
• non_aes_mapping_legend/non-aes-xcolor-red.svg
• vdiff_irisScatter/collapsed-histo.svg
• vdiff_irisScatter/facetgrid-collapsed-density.svg
• vdiff_irisScatter/facetgrid-histo.svg
• vdiff_irisScatter/facetgrid-side-density.svg
• vdiff_irisScatter/stacked-side-density.svg
• vdiff_irisScatter/yside-histo.svg
Error: Test failures
Execution halted
Flavor: r-devel-windows-x86_64
Version: 0.2.2
Check: tests
Result: ERROR
Running ‘testthat.R’ [27s/31s]
Running the tests in ‘tests/testthat.R’ failed.
Complete output:
> library(testthat)
> library(vdiffr)
> library(ggplot2)
> library(ggside)
Registered S3 method overwritten by 'ggside':
method from
+.gg ggplot2
>
> test_check("ggside")
[ FAIL 2 | WARN 0 | SKIP 21 | PASS 84 ]
══ Skipped tests (21) ══════════════════════════════════════════════════════════
• On CRAN (21): 'test_FacetGrid_ggside_themes.R:11:3',
'test_FacetGrid_ggside_themes.R:23:3', 'test_FacetNull_ggside_themes.R:11:3',
'test_FacetNull_ggside_themes.R:23:3', 'test_FacetWrap_ggside_themes.R:11:3',
'test_FacetWrap_ggside_themes.R:23:3', 'test_axis_render_position.R:10:3',
'test_ggside_axis_polts.R:9:3', 'test_ggside_axis_polts.R:16:3',
'test_ggside_axis_polts.R:27:3', 'test_ggside_axis_polts.R:40:3',
'test_ggside_axis_polts.R:58:3', 'test_ggside_extended_themes.R:14:3',
'test_ggside_extended_themes.R:30:3', 'test_ggside_scales.R:23:3',
'test_non_aes_mapping_legend.R:11:3', 'test_vdiff_diamondplots.R:40:3',
'test_vdiff_diamondplots.R:56:3', 'test_vdiff_diamondplots.R:66:3',
'test_vdiff_irisScatter.R:10:3', 'test_vdiff_irisScatter.R:28:3'
══ Failed tests ════════════════════════════════════════════════════════════════
── Error ('test_continuous_date_axis.R:19:3'): default ggplot2 error ───────────
Error in `geom_histogram(orientation = "y", binwidth = 0.5)`: Problem while mapping stat to aesthetics.
i Error occurred in the 2nd layer.
Caused by error in `self$trans$transform()`:
! `transform_date()` works with objects of class <Date> only
── Error ('test_continuous_date_axis.R:27:3'): ggside work-around works ────────
Error in `geom_ysidehistogram(bins = 30)`: Problem while mapping stat to aesthetics.
i Error occurred in the 3rd layer.
Caused by error in `self$trans$transform()`:
! `transform_date()` works with objects of class <Date> only
[ FAIL 2 | WARN 0 | SKIP 21 | PASS 84 ]
Deleting unused snapshots:
• FacetGrid_ggside_themes/grid-xside-ggside-panel-scale-5.svg
• FacetGrid_ggside_themes/grid-xside-ggside-panel-scale-y-5.svg
• FacetGrid_ggside_themes/grid-xside-ggside-panel-spacing-10pt.svg
• FacetGrid_ggside_themes/grid-xside-ggside-panel-spacing-y-10pt.svg
• FacetGrid_ggside_themes/grid-xyside-ggside-panel-scale-5.svg
• FacetGrid_ggside_themes/grid-xyside-ggside-panel-scale-x-5.svg
• FacetGrid_ggside_themes/grid-xyside-ggside-panel-scale-y-5.svg
• FacetGrid_ggside_themes/grid-xyside-ggside-panel-spacing-10pt.svg
• FacetGrid_ggside_themes/grid-xyside-ggside-panel-spacing-x-10pt.svg
• FacetGrid_ggside_themes/grid-xyside-ggside-panel-spacing-y-10pt.svg
• FacetGrid_ggside_themes/grid-yside-ggside-panel-scale-5.svg
• FacetGrid_ggside_themes/grid-yside-ggside-panel-scale-x-5.svg
• FacetGrid_ggside_themes/grid-yside-ggside-panel-scale-y-5.svg
• FacetGrid_ggside_themes/grid-yside-ggside-panel-spacing-10pt.svg
• FacetGrid_ggside_themes/grid-yside-ggside-panel-spacing-x-10pt.svg
• FacetGrid_ggside_themes/grid-yside-ggside-panel-spacing-y-10pt.svg
• FacetNull_ggside_themes/xside-ggside-panel-scale-5.svg
• FacetNull_ggside_themes/xside-ggside-panel-scale-y-5.svg
• FacetNull_ggside_themes/xside-ggside-panel-spacing-10pt.svg
• FacetNull_ggside_themes/xside-ggside-panel-spacing-y-10pt.svg
• FacetNull_ggside_themes/xyside-ggside-panel-scale-5.svg
• FacetNull_ggside_themes/xyside-ggside-panel-scale-x-5.svg
• FacetNull_ggside_themes/xyside-ggside-panel-scale-y-5.svg
• FacetNull_ggside_themes/xyside-ggside-panel-spacing-10pt.svg
• FacetNull_ggside_themes/xyside-ggside-panel-spacing-x-10pt.svg
• FacetNull_ggside_themes/xyside-ggside-panel-spacing-y-10pt.svg
• FacetNull_ggside_themes/yside-ggside-panel-scale-5.svg
• FacetNull_ggside_themes/yside-ggside-panel-scale-x-5.svg
• FacetNull_ggside_themes/yside-ggside-panel-scale-y-5.svg
• FacetNull_ggside_themes/yside-ggside-panel-spacing-10pt.svg
• FacetNull_ggside_themes/yside-ggside-panel-spacing-x-10pt.svg
• FacetNull_ggside_themes/yside-ggside-panel-spacing-y-10pt.svg
• FacetWrap_ggside_themes/wrap-xside-ggside-panel-scale-5.svg
• FacetWrap_ggside_themes/wrap-xside-ggside-panel-scale-y-5.svg
• FacetWrap_ggside_themes/wrap-xside-ggside-panel-spacing-10pt.svg
• FacetWrap_ggside_themes/wrap-xside-ggside-panel-spacing-y-10pt.svg
• FacetWrap_ggside_themes/wrap-xyside-ggside-panel-scale-5.svg
• FacetWrap_ggside_themes/wrap-xyside-ggside-panel-scale-x-5.svg
• FacetWrap_ggside_themes/wrap-xyside-ggside-panel-scale-y-5.svg
• FacetWrap_ggside_themes/wrap-xyside-ggside-panel-spacing-10pt.svg
• FacetWrap_ggside_themes/wrap-xyside-ggside-panel-spacing-x-10pt.svg
• FacetWrap_ggside_themes/wrap-xyside-ggside-panel-spacing-y-10pt.svg
• FacetWrap_ggside_themes/wrap-yside-ggside-panel-scale-5.svg
• FacetWrap_ggside_themes/wrap-yside-ggside-panel-scale-x-5.svg
• FacetWrap_ggside_themes/wrap-yside-ggside-panel-scale-y-5.svg
• FacetWrap_ggside_themes/wrap-yside-ggside-panel-spacing-10pt.svg
• FacetWrap_ggside_themes/wrap-yside-ggside-panel-spacing-x-10pt.svg
• FacetWrap_ggside_themes/wrap-yside-ggside-panel-spacing-y-10pt.svg
• axis_render_position/grid-default.svg
• axis_render_position/grid-x-on-main-pos-bot.svg
• axis_render_position/grid-x-on-main-top.svg
• axis_render_position/grid-x-on-side-pos-bot.svg
• axis_render_position/grid-x-on-side.svg
• axis_render_position/grid-y-on-main-pos-left.svg
• axis_render_position/grid-y-on-main-right.svg
• axis_render_position/grid-y-on-side-pos-left.svg
• axis_render_position/grid-y-on-side.svg
• axis_render_position/wrap-default.svg
• axis_render_position/wrap-x-on-main-pos-bot.svg
• axis_render_position/wrap-x-on-main-top.svg
• axis_render_position/wrap-x-on-side-pos-bot.svg
• axis_render_position/wrap-x-on-side.svg
• axis_render_position/wrap-y-on-main-pos-left.svg
• axis_render_position/wrap-y-on-main-right.svg
• axis_render_position/wrap-y-on-side-pos-left.svg
• axis_render_position/wrap-y-on-side.svg
• axis_render_position/x-on-main-pos-bot.svg
• axis_render_position/x-on-main-top.svg
• axis_render_position/x-on-side-pos-bot.svg
• axis_render_position/x-on-side.svg
• axis_render_position/y-on-main-pos-left.svg
• axis_render_position/y-on-main-right.svg
• axis_render_position/y-on-side-pos-left.svg
• axis_render_position/y-on-side.svg
• continuous_date_axis/date-x-both.svg
• continuous_date_axis/date-x-xside.svg
• continuous_date_axis/date-x-yside.svg
• ggside_axis_polts/xside-bot-pos-top-grid.svg
• ggside_axis_polts/xside-bot-pos-top.svg
• ggside_axis_polts/xside-bottom.svg
• ggside_axis_polts/xside-top-noaxis.svg
• ggside_axis_polts/xside-top-pos-top-wrap.svg
• ggside_axis_polts/xside-top-pos-top.svg
• ggside_axis_polts/xyside-facet-grid.svg
• ggside_axis_polts/xyside-lb-pos-swap.svg
• ggside_axis_polts/xyside-lb.svg
• ggside_axis_polts/xyside-no-x-text.svg
• ggside_axis_polts/xyside-no-y-text.svg
• ggside_axis_polts/xyside-xb-pos-top.svg
• ggside_axis_polts/xyside-xb.svg
• ggside_axis_polts/xyside-yl-pos-right.svg
• ggside_axis_polts/xyside-yl.svg
• ggside_axis_polts/yside-left-pos-right-grid.svg
• ggside_axis_polts/yside-left-pos-right.svg
• ggside_axis_polts/yside-left.svg
• ggside_axis_polts/yside-right-noaxis.svg
• ggside_axis_polts/yside-right-pos-right-wrap.svg
• ggside_axis_polts/yside-right-pos-right.svg
• ggside_extended_themes/bw.svg
• ggside_extended_themes/classic.svg
• ggside_extended_themes/dark.svg
• ggside_extended_themes/gray.svg
• ggside_extended_themes/light.svg
• ggside_extended_themes/linedraw.svg
• ggside_extended_themes/minimal.svg
• ggside_extended_themes/side-panel-background.svg
• ggside_extended_themes/side-panel-border.svg
• ggside_extended_themes/void.svg
• ggside_scales/xsidey-ysidex-facetgrid.svg
• ggside_scales/xsidey-ysidex-facetwrap.svg
• non_aes_mapping_legend/non-aes-color-blue.svg
• non_aes_mapping_legend/non-aes-xcolor-red.svg
• vdiff_irisScatter/collapsed-histo.svg
• vdiff_irisScatter/facetgrid-collapsed-density.svg
• vdiff_irisScatter/facetgrid-histo.svg
• vdiff_irisScatter/facetgrid-side-density.svg
• vdiff_irisScatter/stacked-side-density.svg
• vdiff_irisScatter/yside-histo.svg
Error: Test failures
Execution halted
Flavor: r-patched-linux-x86_64
Version: 0.2.2
Check: tests
Result: ERROR
Running 'testthat.R' [25s]
Running the tests in 'tests/testthat.R' failed.
Complete output:
> library(testthat)
> library(vdiffr)
> library(ggplot2)
> library(ggside)
Registered S3 method overwritten by 'ggside':
method from
+.gg ggplot2
>
> test_check("ggside")
[ FAIL 2 | WARN 0 | SKIP 21 | PASS 84 ]
══ Skipped tests (21) ══════════════════════════════════════════════════════════
• On CRAN (21): 'test_FacetGrid_ggside_themes.R:11:3',
'test_FacetGrid_ggside_themes.R:23:3', 'test_FacetNull_ggside_themes.R:11:3',
'test_FacetNull_ggside_themes.R:23:3', 'test_FacetWrap_ggside_themes.R:11:3',
'test_FacetWrap_ggside_themes.R:23:3', 'test_axis_render_position.R:10:3',
'test_ggside_axis_polts.R:9:3', 'test_ggside_axis_polts.R:16:3',
'test_ggside_axis_polts.R:27:3', 'test_ggside_axis_polts.R:40:3',
'test_ggside_axis_polts.R:58:3', 'test_ggside_extended_themes.R:14:3',
'test_ggside_extended_themes.R:30:3', 'test_ggside_scales.R:23:3',
'test_non_aes_mapping_legend.R:11:3', 'test_vdiff_diamondplots.R:40:3',
'test_vdiff_diamondplots.R:56:3', 'test_vdiff_diamondplots.R:66:3',
'test_vdiff_irisScatter.R:10:3', 'test_vdiff_irisScatter.R:28:3'
══ Failed tests ════════════════════════════════════════════════════════════════
── Error ('test_continuous_date_axis.R:19:3'): default ggplot2 error ───────────
Error in `geom_histogram(orientation = "y", binwidth = 0.5)`: Problem while mapping stat to aesthetics.
i Error occurred in the 2nd layer.
Caused by error in `self$trans$transform()`:
! `transform_date()` works with objects of class <Date> only
── Error ('test_continuous_date_axis.R:27:3'): ggside work-around works ────────
Error in `geom_ysidehistogram(bins = 30)`: Problem while mapping stat to aesthetics.
i Error occurred in the 3rd layer.
Caused by error in `self$trans$transform()`:
! `transform_date()` works with objects of class <Date> only
[ FAIL 2 | WARN 0 | SKIP 21 | PASS 84 ]
Deleting unused snapshots:
• FacetGrid_ggside_themes/grid-xside-ggside-panel-scale-5.svg
• FacetGrid_ggside_themes/grid-xside-ggside-panel-scale-y-5.svg
• FacetGrid_ggside_themes/grid-xside-ggside-panel-spacing-10pt.svg
• FacetGrid_ggside_themes/grid-xside-ggside-panel-spacing-y-10pt.svg
• FacetGrid_ggside_themes/grid-xyside-ggside-panel-scale-5.svg
• FacetGrid_ggside_themes/grid-xyside-ggside-panel-scale-x-5.svg
• FacetGrid_ggside_themes/grid-xyside-ggside-panel-scale-y-5.svg
• FacetGrid_ggside_themes/grid-xyside-ggside-panel-spacing-10pt.svg
• FacetGrid_ggside_themes/grid-xyside-ggside-panel-spacing-x-10pt.svg
• FacetGrid_ggside_themes/grid-xyside-ggside-panel-spacing-y-10pt.svg
• FacetGrid_ggside_themes/grid-yside-ggside-panel-scale-5.svg
• FacetGrid_ggside_themes/grid-yside-ggside-panel-scale-x-5.svg
• FacetGrid_ggside_themes/grid-yside-ggside-panel-scale-y-5.svg
• FacetGrid_ggside_themes/grid-yside-ggside-panel-spacing-10pt.svg
• FacetGrid_ggside_themes/grid-yside-ggside-panel-spacing-x-10pt.svg
• FacetGrid_ggside_themes/grid-yside-ggside-panel-spacing-y-10pt.svg
• FacetNull_ggside_themes/xside-ggside-panel-scale-5.svg
• FacetNull_ggside_themes/xside-ggside-panel-scale-y-5.svg
• FacetNull_ggside_themes/xside-ggside-panel-spacing-10pt.svg
• FacetNull_ggside_themes/xside-ggside-panel-spacing-y-10pt.svg
• FacetNull_ggside_themes/xyside-ggside-panel-scale-5.svg
• FacetNull_ggside_themes/xyside-ggside-panel-scale-x-5.svg
• FacetNull_ggside_themes/xyside-ggside-panel-scale-y-5.svg
• FacetNull_ggside_themes/xyside-ggside-panel-spacing-10pt.svg
• FacetNull_ggside_themes/xyside-ggside-panel-spacing-x-10pt.svg
• FacetNull_ggside_themes/xyside-ggside-panel-spacing-y-10pt.svg
• FacetNull_ggside_themes/yside-ggside-panel-scale-5.svg
• FacetNull_ggside_themes/yside-ggside-panel-scale-x-5.svg
• FacetNull_ggside_themes/yside-ggside-panel-scale-y-5.svg
• FacetNull_ggside_themes/yside-ggside-panel-spacing-10pt.svg
• FacetNull_ggside_themes/yside-ggside-panel-spacing-x-10pt.svg
• FacetNull_ggside_themes/yside-ggside-panel-spacing-y-10pt.svg
• FacetWrap_ggside_themes/wrap-xside-ggside-panel-scale-5.svg
• FacetWrap_ggside_themes/wrap-xside-ggside-panel-scale-y-5.svg
• FacetWrap_ggside_themes/wrap-xside-ggside-panel-spacing-10pt.svg
• FacetWrap_ggside_themes/wrap-xside-ggside-panel-spacing-y-10pt.svg
• FacetWrap_ggside_themes/wrap-xyside-ggside-panel-scale-5.svg
• FacetWrap_ggside_themes/wrap-xyside-ggside-panel-scale-x-5.svg
• FacetWrap_ggside_themes/wrap-xyside-ggside-panel-scale-y-5.svg
• FacetWrap_ggside_themes/wrap-xyside-ggside-panel-spacing-10pt.svg
• FacetWrap_ggside_themes/wrap-xyside-ggside-panel-spacing-x-10pt.svg
• FacetWrap_ggside_themes/wrap-xyside-ggside-panel-spacing-y-10pt.svg
• FacetWrap_ggside_themes/wrap-yside-ggside-panel-scale-5.svg
• FacetWrap_ggside_themes/wrap-yside-ggside-panel-scale-x-5.svg
• FacetWrap_ggside_themes/wrap-yside-ggside-panel-scale-y-5.svg
• FacetWrap_ggside_themes/wrap-yside-ggside-panel-spacing-10pt.svg
• FacetWrap_ggside_themes/wrap-yside-ggside-panel-spacing-x-10pt.svg
• FacetWrap_ggside_themes/wrap-yside-ggside-panel-spacing-y-10pt.svg
• axis_render_position/grid-default.svg
• axis_render_position/grid-x-on-main-pos-bot.svg
• axis_render_position/grid-x-on-main-top.svg
• axis_render_position/grid-x-on-side-pos-bot.svg
• axis_render_position/grid-x-on-side.svg
• axis_render_position/grid-y-on-main-pos-left.svg
• axis_render_position/grid-y-on-main-right.svg
• axis_render_position/grid-y-on-side-pos-left.svg
• axis_render_position/grid-y-on-side.svg
• axis_render_position/wrap-default.svg
• axis_render_position/wrap-x-on-main-pos-bot.svg
• axis_render_position/wrap-x-on-main-top.svg
• axis_render_position/wrap-x-on-side-pos-bot.svg
• axis_render_position/wrap-x-on-side.svg
• axis_render_position/wrap-y-on-main-pos-left.svg
• axis_render_position/wrap-y-on-main-right.svg
• axis_render_position/wrap-y-on-side-pos-left.svg
• axis_render_position/wrap-y-on-side.svg
• axis_render_position/x-on-main-pos-bot.svg
• axis_render_position/x-on-main-top.svg
• axis_render_position/x-on-side-pos-bot.svg
• axis_render_position/x-on-side.svg
• axis_render_position/y-on-main-pos-left.svg
• axis_render_position/y-on-main-right.svg
• axis_render_position/y-on-side-pos-left.svg
• axis_render_position/y-on-side.svg
• continuous_date_axis/date-x-both.svg
• continuous_date_axis/date-x-xside.svg
• continuous_date_axis/date-x-yside.svg
• ggside_axis_polts/xside-bot-pos-top-grid.svg
• ggside_axis_polts/xside-bot-pos-top.svg
• ggside_axis_polts/xside-bottom.svg
• ggside_axis_polts/xside-top-noaxis.svg
• ggside_axis_polts/xside-top-pos-top-wrap.svg
• ggside_axis_polts/xside-top-pos-top.svg
• ggside_axis_polts/xyside-facet-grid.svg
• ggside_axis_polts/xyside-lb-pos-swap.svg
• ggside_axis_polts/xyside-lb.svg
• ggside_axis_polts/xyside-no-x-text.svg
• ggside_axis_polts/xyside-no-y-text.svg
• ggside_axis_polts/xyside-xb-pos-top.svg
• ggside_axis_polts/xyside-xb.svg
• ggside_axis_polts/xyside-yl-pos-right.svg
• ggside_axis_polts/xyside-yl.svg
• ggside_axis_polts/yside-left-pos-right-grid.svg
• ggside_axis_polts/yside-left-pos-right.svg
• ggside_axis_polts/yside-left.svg
• ggside_axis_polts/yside-right-noaxis.svg
• ggside_axis_polts/yside-right-pos-right-wrap.svg
• ggside_axis_polts/yside-right-pos-right.svg
• ggside_extended_themes/bw.svg
• ggside_extended_themes/classic.svg
• ggside_extended_themes/dark.svg
• ggside_extended_themes/gray.svg
• ggside_extended_themes/light.svg
• ggside_extended_themes/linedraw.svg
• ggside_extended_themes/minimal.svg
• ggside_extended_themes/side-panel-background.svg
• ggside_extended_themes/side-panel-border.svg
• ggside_extended_themes/void.svg
• ggside_scales/xsidey-ysidex-facetgrid.svg
• ggside_scales/xsidey-ysidex-facetwrap.svg
• non_aes_mapping_legend/non-aes-color-blue.svg
• non_aes_mapping_legend/non-aes-xcolor-red.svg
• vdiff_irisScatter/collapsed-histo.svg
• vdiff_irisScatter/facetgrid-collapsed-density.svg
• vdiff_irisScatter/facetgrid-histo.svg
• vdiff_irisScatter/facetgrid-side-density.svg
• vdiff_irisScatter/stacked-side-density.svg
• vdiff_irisScatter/yside-histo.svg
Error: Test failures
Execution halted
Flavor: r-release-windows-x86_64
Version: 0.2.2
Check: tests
Result: ERROR
Running 'testthat.R' [26s]
Running the tests in 'tests/testthat.R' failed.
Complete output:
> library(testthat)
> library(vdiffr)
> library(ggplot2)
> library(ggside)
Registered S3 method overwritten by 'ggside':
method from
+.gg ggplot2
>
> test_check("ggside")
[ FAIL 2 | WARN 0 | SKIP 21 | PASS 84 ]
══ Skipped tests (21) ══════════════════════════════════════════════════════════
• On CRAN (21): 'test_FacetGrid_ggside_themes.R:11:3',
'test_FacetGrid_ggside_themes.R:23:3', 'test_FacetNull_ggside_themes.R:11:3',
'test_FacetNull_ggside_themes.R:23:3', 'test_FacetWrap_ggside_themes.R:11:3',
'test_FacetWrap_ggside_themes.R:23:3', 'test_axis_render_position.R:10:3',
'test_ggside_axis_polts.R:9:3', 'test_ggside_axis_polts.R:16:3',
'test_ggside_axis_polts.R:27:3', 'test_ggside_axis_polts.R:40:3',
'test_ggside_axis_polts.R:58:3', 'test_ggside_extended_themes.R:14:3',
'test_ggside_extended_themes.R:30:3', 'test_ggside_scales.R:23:3',
'test_non_aes_mapping_legend.R:11:3', 'test_vdiff_diamondplots.R:40:3',
'test_vdiff_diamondplots.R:56:3', 'test_vdiff_diamondplots.R:66:3',
'test_vdiff_irisScatter.R:10:3', 'test_vdiff_irisScatter.R:28:3'
══ Failed tests ════════════════════════════════════════════════════════════════
── Error ('test_continuous_date_axis.R:19:3'): default ggplot2 error ───────────
Error in `geom_histogram(orientation = "y", binwidth = 0.5)`: Problem while mapping stat to aesthetics.
i Error occurred in the 2nd layer.
Caused by error in `self$trans$transform()`:
! `transform_date()` works with objects of class <Date> only
── Error ('test_continuous_date_axis.R:27:3'): ggside work-around works ────────
Error in `geom_ysidehistogram(bins = 30)`: Problem while mapping stat to aesthetics.
i Error occurred in the 3rd layer.
Caused by error in `self$trans$transform()`:
! `transform_date()` works with objects of class <Date> only
[ FAIL 2 | WARN 0 | SKIP 21 | PASS 84 ]
Deleting unused snapshots:
• FacetGrid_ggside_themes/grid-xside-ggside-panel-scale-5.svg
• FacetGrid_ggside_themes/grid-xside-ggside-panel-scale-y-5.svg
• FacetGrid_ggside_themes/grid-xside-ggside-panel-spacing-10pt.svg
• FacetGrid_ggside_themes/grid-xside-ggside-panel-spacing-y-10pt.svg
• FacetGrid_ggside_themes/grid-xyside-ggside-panel-scale-5.svg
• FacetGrid_ggside_themes/grid-xyside-ggside-panel-scale-x-5.svg
• FacetGrid_ggside_themes/grid-xyside-ggside-panel-scale-y-5.svg
• FacetGrid_ggside_themes/grid-xyside-ggside-panel-spacing-10pt.svg
• FacetGrid_ggside_themes/grid-xyside-ggside-panel-spacing-x-10pt.svg
• FacetGrid_ggside_themes/grid-xyside-ggside-panel-spacing-y-10pt.svg
• FacetGrid_ggside_themes/grid-yside-ggside-panel-scale-5.svg
• FacetGrid_ggside_themes/grid-yside-ggside-panel-scale-x-5.svg
• FacetGrid_ggside_themes/grid-yside-ggside-panel-scale-y-5.svg
• FacetGrid_ggside_themes/grid-yside-ggside-panel-spacing-10pt.svg
• FacetGrid_ggside_themes/grid-yside-ggside-panel-spacing-x-10pt.svg
• FacetGrid_ggside_themes/grid-yside-ggside-panel-spacing-y-10pt.svg
• FacetNull_ggside_themes/xside-ggside-panel-scale-5.svg
• FacetNull_ggside_themes/xside-ggside-panel-scale-y-5.svg
• FacetNull_ggside_themes/xside-ggside-panel-spacing-10pt.svg
• FacetNull_ggside_themes/xside-ggside-panel-spacing-y-10pt.svg
• FacetNull_ggside_themes/xyside-ggside-panel-scale-5.svg
• FacetNull_ggside_themes/xyside-ggside-panel-scale-x-5.svg
• FacetNull_ggside_themes/xyside-ggside-panel-scale-y-5.svg
• FacetNull_ggside_themes/xyside-ggside-panel-spacing-10pt.svg
• FacetNull_ggside_themes/xyside-ggside-panel-spacing-x-10pt.svg
• FacetNull_ggside_themes/xyside-ggside-panel-spacing-y-10pt.svg
• FacetNull_ggside_themes/yside-ggside-panel-scale-5.svg
• FacetNull_ggside_themes/yside-ggside-panel-scale-x-5.svg
• FacetNull_ggside_themes/yside-ggside-panel-scale-y-5.svg
• FacetNull_ggside_themes/yside-ggside-panel-spacing-10pt.svg
• FacetNull_ggside_themes/yside-ggside-panel-spacing-x-10pt.svg
• FacetNull_ggside_themes/yside-ggside-panel-spacing-y-10pt.svg
• FacetWrap_ggside_themes/wrap-xside-ggside-panel-scale-5.svg
• FacetWrap_ggside_themes/wrap-xside-ggside-panel-scale-y-5.svg
• FacetWrap_ggside_themes/wrap-xside-ggside-panel-spacing-10pt.svg
• FacetWrap_ggside_themes/wrap-xside-ggside-panel-spacing-y-10pt.svg
• FacetWrap_ggside_themes/wrap-xyside-ggside-panel-scale-5.svg
• FacetWrap_ggside_themes/wrap-xyside-ggside-panel-scale-x-5.svg
• FacetWrap_ggside_themes/wrap-xyside-ggside-panel-scale-y-5.svg
• FacetWrap_ggside_themes/wrap-xyside-ggside-panel-spacing-10pt.svg
• FacetWrap_ggside_themes/wrap-xyside-ggside-panel-spacing-x-10pt.svg
• FacetWrap_ggside_themes/wrap-xyside-ggside-panel-spacing-y-10pt.svg
• FacetWrap_ggside_themes/wrap-yside-ggside-panel-scale-5.svg
• FacetWrap_ggside_themes/wrap-yside-ggside-panel-scale-x-5.svg
• FacetWrap_ggside_themes/wrap-yside-ggside-panel-scale-y-5.svg
• FacetWrap_ggside_themes/wrap-yside-ggside-panel-spacing-10pt.svg
• FacetWrap_ggside_themes/wrap-yside-ggside-panel-spacing-x-10pt.svg
• FacetWrap_ggside_themes/wrap-yside-ggside-panel-spacing-y-10pt.svg
• axis_render_position/grid-default.svg
• axis_render_position/grid-x-on-main-pos-bot.svg
• axis_render_position/grid-x-on-main-top.svg
• axis_render_position/grid-x-on-side-pos-bot.svg
• axis_render_position/grid-x-on-side.svg
• axis_render_position/grid-y-on-main-pos-left.svg
• axis_render_position/grid-y-on-main-right.svg
• axis_render_position/grid-y-on-side-pos-left.svg
• axis_render_position/grid-y-on-side.svg
• axis_render_position/wrap-default.svg
• axis_render_position/wrap-x-on-main-pos-bot.svg
• axis_render_position/wrap-x-on-main-top.svg
• axis_render_position/wrap-x-on-side-pos-bot.svg
• axis_render_position/wrap-x-on-side.svg
• axis_render_position/wrap-y-on-main-pos-left.svg
• axis_render_position/wrap-y-on-main-right.svg
• axis_render_position/wrap-y-on-side-pos-left.svg
• axis_render_position/wrap-y-on-side.svg
• axis_render_position/x-on-main-pos-bot.svg
• axis_render_position/x-on-main-top.svg
• axis_render_position/x-on-side-pos-bot.svg
• axis_render_position/x-on-side.svg
• axis_render_position/y-on-main-pos-left.svg
• axis_render_position/y-on-main-right.svg
• axis_render_position/y-on-side-pos-left.svg
• axis_render_position/y-on-side.svg
• continuous_date_axis/date-x-both.svg
• continuous_date_axis/date-x-xside.svg
• continuous_date_axis/date-x-yside.svg
• ggside_axis_polts/xside-bot-pos-top-grid.svg
• ggside_axis_polts/xside-bot-pos-top.svg
• ggside_axis_polts/xside-bottom.svg
• ggside_axis_polts/xside-top-noaxis.svg
• ggside_axis_polts/xside-top-pos-top-wrap.svg
• ggside_axis_polts/xside-top-pos-top.svg
• ggside_axis_polts/xyside-facet-grid.svg
• ggside_axis_polts/xyside-lb-pos-swap.svg
• ggside_axis_polts/xyside-lb.svg
• ggside_axis_polts/xyside-no-x-text.svg
• ggside_axis_polts/xyside-no-y-text.svg
• ggside_axis_polts/xyside-xb-pos-top.svg
• ggside_axis_polts/xyside-xb.svg
• ggside_axis_polts/xyside-yl-pos-right.svg
• ggside_axis_polts/xyside-yl.svg
• ggside_axis_polts/yside-left-pos-right-grid.svg
• ggside_axis_polts/yside-left-pos-right.svg
• ggside_axis_polts/yside-left.svg
• ggside_axis_polts/yside-right-noaxis.svg
• ggside_axis_polts/yside-right-pos-right-wrap.svg
• ggside_axis_polts/yside-right-pos-right.svg
• ggside_extended_themes/bw.svg
• ggside_extended_themes/classic.svg
• ggside_extended_themes/dark.svg
• ggside_extended_themes/gray.svg
• ggside_extended_themes/light.svg
• ggside_extended_themes/linedraw.svg
• ggside_extended_themes/minimal.svg
• ggside_extended_themes/side-panel-background.svg
• ggside_extended_themes/side-panel-border.svg
• ggside_extended_themes/void.svg
• ggside_scales/xsidey-ysidex-facetgrid.svg
• ggside_scales/xsidey-ysidex-facetwrap.svg
• non_aes_mapping_legend/non-aes-color-blue.svg
• non_aes_mapping_legend/non-aes-xcolor-red.svg
• vdiff_irisScatter/collapsed-histo.svg
• vdiff_irisScatter/facetgrid-collapsed-density.svg
• vdiff_irisScatter/facetgrid-histo.svg
• vdiff_irisScatter/facetgrid-side-density.svg
• vdiff_irisScatter/stacked-side-density.svg
• vdiff_irisScatter/yside-histo.svg
Error: Test failures
Execution halted
Flavor: r-oldrel-windows-x86_64