Last updated on 2023-06-01 07:57:01 CEST.
Flavor | Version | Tinstall | Tcheck | Ttotal | Status | Flags |
---|---|---|---|---|---|---|
r-devel-linux-x86_64-debian-clang | 1.6.3 | 18.53 | 87.88 | 106.41 | OK | |
r-devel-linux-x86_64-debian-gcc | 1.6.3 | 16.12 | 67.49 | 83.61 | OK | |
r-devel-linux-x86_64-fedora-clang | 1.6.3 | 136.51 | NOTE | |||
r-devel-linux-x86_64-fedora-gcc | 1.6.3 | 134.57 | NOTE | |||
r-devel-windows-x86_64 | 1.6.3 | 19.00 | 83.00 | 102.00 | OK | |
r-patched-linux-x86_64 | 1.6.3 | OK | ||||
r-release-linux-x86_64 | 1.6.3 | 17.37 | 82.44 | 99.81 | OK | |
r-release-macos-arm64 | 1.6.3 | 48.00 | OK | |||
r-release-macos-x86_64 | 1.6.3 | 71.00 | OK | |||
r-release-windows-x86_64 | 1.6.3 | 23.00 | 104.00 | 127.00 | OK | |
r-oldrel-macos-arm64 | 1.6.3 | 45.00 | NOTE | |||
r-oldrel-macos-x86_64 | 1.6.3 | 73.00 | NOTE | |||
r-oldrel-windows-x86_64 | 1.6.3 | 24.00 | 104.00 | 128.00 | OK |
Version: 1.6.3
Check: dependencies in R code
Result: NOTE
Namespaces in Imports field not imported from:
‘magrittr’ ‘utils’
All declared Imports should be used.
Flavors: r-devel-linux-x86_64-fedora-clang, r-devel-linux-x86_64-fedora-gcc, r-oldrel-macos-arm64, r-oldrel-macos-x86_64