Last updated on 2025-01-16 07:50:16 CET.
Flavor | Version | Tinstall | Tcheck | Ttotal | Status | Flags |
---|---|---|---|---|---|---|
r-devel-linux-x86_64-debian-clang | 1.6.5 | 9.22 | 144.01 | 153.23 | NOTE | |
r-devel-linux-x86_64-debian-gcc | 1.6.5 | 6.18 | 104.60 | 110.78 | NOTE | |
r-devel-linux-x86_64-fedora-clang | 1.6.5 | 242.07 | NOTE | |||
r-devel-linux-x86_64-fedora-gcc | 1.6.5 | 237.86 | NOTE | |||
r-devel-windows-x86_64 | 1.6.5 | 11.00 | 135.00 | 146.00 | NOTE | |
r-patched-linux-x86_64 | 1.6.5 | 8.49 | 133.69 | 142.18 | NOTE | |
r-release-linux-x86_64 | 1.6.5 | 8.44 | 134.12 | 142.56 | NOTE | |
r-release-macos-arm64 | 1.6.5 | 72.00 | NOTE | |||
r-release-macos-x86_64 | 1.6.5 | 111.00 | NOTE | |||
r-release-windows-x86_64 | 1.6.5 | 10.00 | 168.00 | 178.00 | NOTE | |
r-oldrel-macos-arm64 | 1.6.5 | 76.00 | NOTE | |||
r-oldrel-macos-x86_64 | 1.6.5 | 128.00 | NOTE | |||
r-oldrel-windows-x86_64 | 1.6.5 | 10.00 | 183.00 | 193.00 | NOTE |
Version: 1.6.5
Check: package subdirectories
Result: NOTE
Problems with news in ‘NEWS.md’:
Cannot extract version info from the following section titles:
* Changes all data options to .data to decrease possibility of column naming overlap
Flavors: r-devel-linux-x86_64-debian-clang, r-devel-linux-x86_64-debian-gcc, r-devel-linux-x86_64-fedora-clang, r-devel-linux-x86_64-fedora-gcc, r-devel-windows-x86_64, r-patched-linux-x86_64, r-release-linux-x86_64, r-release-macos-arm64, r-release-macos-x86_64, r-release-windows-x86_64, r-oldrel-macos-arm64, r-oldrel-macos-x86_64, r-oldrel-windows-x86_64