Last updated on 2023-06-06 08:02:01 CEST.
Flavor | Version | Tinstall | Tcheck | Ttotal | Status | Flags |
---|---|---|---|---|---|---|
r-devel-linux-x86_64-debian-clang | 0.5.4 | 8.46 | 119.42 | 127.88 | OK | |
r-devel-linux-x86_64-debian-gcc | 0.5.4 | 6.31 | 90.11 | 96.42 | OK | |
r-devel-linux-x86_64-fedora-clang | 0.5.4 | 158.01 | NOTE | |||
r-devel-linux-x86_64-fedora-gcc | 0.5.4 | 159.71 | NOTE | |||
r-devel-windows-x86_64 | 0.5.4 | 10.00 | 107.00 | 117.00 | OK | |
r-patched-linux-x86_64 | 0.5.4 | 13.29 | 111.85 | 125.14 | OK | |
r-release-linux-x86_64 | 0.5.4 | 6.34 | 111.37 | 117.71 | OK | |
r-release-macos-arm64 | 0.5.4 | 57.00 | OK | |||
r-release-macos-x86_64 | 0.5.4 | 93.00 | OK | |||
r-release-windows-x86_64 | 0.5.4 | 11.00 | 132.00 | 143.00 | OK | |
r-oldrel-macos-arm64 | 0.5.4 | 63.00 | NOTE | |||
r-oldrel-macos-x86_64 | 0.5.4 | 74.00 | NOTE | |||
r-oldrel-windows-x86_64 | 0.5.4 | 11.00 | 133.00 | 144.00 | OK |
Version: 0.5.4
Check: data for non-ASCII characters
Result: NOTE
Note: found 6242 marked UTF-8 strings
Flavors: r-devel-linux-x86_64-fedora-clang, r-devel-linux-x86_64-fedora-gcc, r-oldrel-macos-arm64, r-oldrel-macos-x86_64