Last updated on 2023-12-09 08:49:43 CET.
Flavor | Version | Tinstall | Tcheck | Ttotal | Status | Flags |
---|---|---|---|---|---|---|
r-devel-linux-x86_64-debian-clang | 0.6.0 | 16.13 | 313.30 | 329.43 | OK | |
r-devel-linux-x86_64-debian-gcc | 0.6.0 | 13.43 | 236.20 | 249.63 | OK | |
r-devel-linux-x86_64-fedora-clang | 0.6.0 | 396.55 | NOTE | |||
r-devel-linux-x86_64-fedora-gcc | 0.6.0 | 389.13 | OK | |||
r-devel-windows-x86_64 | 0.6.0 | 16.00 | 243.00 | 259.00 | OK | |
r-patched-linux-x86_64 | 0.6.0 | 28.05 | 300.29 | 328.34 | OK | |
r-release-linux-x86_64 | 0.6.0 | 12.30 | 296.58 | 308.88 | OK | |
r-release-macos-arm64 | 0.6.0 | 119.00 | OK | |||
r-release-macos-x86_64 | 0.6.0 | 194.00 | OK | |||
r-release-windows-x86_64 | 0.6.0 | 22.00 | 315.00 | 337.00 | OK | |
r-oldrel-macos-arm64 | 0.6.0 | 67.00 | OK | |||
r-oldrel-macos-x86_64 | 0.6.0 | 138.00 | OK | |||
r-oldrel-windows-x86_64 | 0.6.0 | 22.00 | 298.00 | 320.00 | OK |
Version: 0.6.0
Check: Rd cross-references
Result: NOTE
Undeclared package ‘car’ in Rd xrefs
Flavor: r-devel-linux-x86_64-fedora-clang