CRAN Package Check Results for Package ggpubr

Last updated on 2022-11-28 06:50:12 CET.

Flavor Version Tinstall Tcheck Ttotal Status Flags
r-devel-linux-x86_64-debian-clang 0.5.0 16.80 330.07 346.87 OK
r-devel-linux-x86_64-debian-gcc 0.5.0 14.47 241.34 255.81 OK
r-devel-linux-x86_64-fedora-clang 0.5.0 418.24 NOTE
r-devel-linux-x86_64-fedora-gcc 0.5.0 405.42 OK
r-devel-windows-x86_64 0.5.0 94.00 370.00 464.00 OK
r-patched-linux-x86_64 0.5.0 23.63 300.71 324.34 OK
r-release-linux-x86_64 0.5.0 17.58 305.04 322.62 OK
r-release-macos-arm64 0.5.0 122.00 OK
r-release-macos-x86_64 0.5.0 133.00 OK
r-release-windows-x86_64 0.4.0 94.00 280.00 374.00 ERROR
r-oldrel-macos-arm64 0.5.0 99.00 OK
r-oldrel-macos-x86_64 0.5.0 129.00 OK
r-oldrel-windows-ix86+x86_64 0.5.0 33.00 344.00 377.00 OK

Check Details

Version: 0.5.0
Check: Rd cross-references
Result: NOTE
    Undeclared package ‘car’ in Rd xrefs
Flavor: r-devel-linux-x86_64-fedora-clang

Version: 0.4.0
Check: examples
Result: ERROR
    Running examples in 'ggpubr-Ex.R' failed
    The error most likely occurred in:
    
    > ### Name: stat_conf_ellipse
    > ### Title: Plot confidence ellipses.
    > ### Aliases: stat_conf_ellipse
    >
    > ### ** Examples
    >
    > # Load data
    > data("mtcars")
    > df <- mtcars
    > df$cyl <- as.factor(df$cyl)
    >
    > # scatter plot with confidence ellipses
    > ggscatter(df, x = "wt", y = "mpg", color = "cyl")+
    + stat_conf_ellipse(aes(color = cyl))
    New names:
    • `x` -> `x...1`
    • `y` -> `y...2`
    • `x` -> `x...4`
    • `y` -> `y...5`
    New names:
    • `x` -> `x...1`
    • `y` -> `y...2`
    • `x` -> `x...4`
    • `y` -> `y...5`
    New names:
    • `x` -> `x...1`
    • `y` -> `y...2`
    • `x` -> `x...4`
    • `y` -> `y...5`
    Warning: The following aesthetics were dropped during statistical transformation: x, y
    ℹ This can happen when ggplot fails to infer the correct grouping structure in
     the data.
    ℹ Did you forget to specify a `group` aesthetic or to convert a numerical
     variable into a factor?
    Error in `stat_conf_ellipse()`:
    ! Problem while setting up geom.
    ℹ Error occurred in the 2nd layer.
    Caused by error in `compute_geom_1()`:
    ! `geom_path()` requires the following missing aesthetics: x and y
    Backtrace:
     ▆
     1. ├─base (local) `<fn>`(x)
     2. └─ggplot2:::print.ggplot(x)
     3. ├─ggplot2::ggplot_build(x)
     4. └─ggplot2:::ggplot_build.ggplot(x)
     5. └─ggplot2:::by_layer(...)
     6. ├─rlang::try_fetch(...)
     7. │ ├─base::tryCatch(...)
     8. │ │ └─base (local) tryCatchList(expr, classes, parentenv, handlers)
     9. │ │ └─base (local) tryCatchOne(expr, names, parentenv, handlers[[1L]])
     10. │ │ └─base (local) doTryCatch(return(expr), name, parentenv, handler)
     11. │ └─base::withCallingHandlers(...)
     12. └─ggplot2 (local) f(l = layers[[i]], d = data[[i]])
     13. └─l$compute_geom_1(d)
     14. └─ggplot2 (local) compute_geom_1(..., self = self)
     15. └─ggplot2:::check_required_aesthetics(...)
     16. └─cli::cli_abort(message, call = call)
     17. └─rlang::abort(...)
    Execution halted
Flavor: r-release-windows-x86_64