CRAN Package Check Results for Package ggpicrust2

Last updated on 2024-02-26 08:48:46 CET.

Flavor Version Tinstall Tcheck Ttotal Status Flags
r-devel-linux-x86_64-debian-clang 1.7.3 10.05 86.37 96.42 OK
r-devel-linux-x86_64-debian-gcc 1.7.3 8.62 64.47 73.09 OK
r-devel-linux-x86_64-fedora-clang 1.7.3 122.29 OK
r-devel-linux-x86_64-fedora-gcc 1.7.3 126.22 OK
r-devel-windows-x86_64 1.7.3 12.00 85.00 97.00 OK
r-patched-linux-x86_64 1.7.3 6.91 81.46 88.37 OK
r-release-linux-x86_64 1.7.3 8.97 82.93 91.90 OK
r-release-macos-arm64 1.7.3 10.00 ERROR
r-release-macos-x86_64 1.7.3 9.00 ERROR
r-release-windows-x86_64 1.7.3 16.00 103.00 119.00 OK
r-oldrel-macos-arm64 1.7.3 13.00 ERROR
r-oldrel-windows-x86_64 1.7.3 16.00 100.00 116.00 OK

Additional issues

donttest

Check Details

Version: 1.7.3
Check: package dependencies
Result: ERROR Package required but not available: ‘MicrobiomeStat’ See section ‘The DESCRIPTION file’ in the ‘Writing R Extensions’ manual. Flavors: r-release-macos-arm64, r-release-macos-x86_64

Version: 1.7.3
Check: package dependencies
Result: ERROR Packages required but not available: 'lefser', 'Maaslin2' See section ‘The DESCRIPTION file’ in the ‘Writing R Extensions’ manual. Flavor: r-oldrel-macos-arm64