Last updated on 2023-03-22 05:52:27 CET.
Flavor | Version | Tinstall | Tcheck | Ttotal | Status | Flags |
---|---|---|---|---|---|---|
r-devel-linux-x86_64-debian-clang | 0.2.0 | 7.79 | 100.57 | 108.36 | OK | |
r-devel-linux-x86_64-debian-gcc | 0.2.0 | 6.37 | 77.18 | 83.55 | OK | |
r-devel-linux-x86_64-fedora-clang | 0.2.0 | 134.20 | NOTE | |||
r-devel-linux-x86_64-fedora-gcc | 0.2.0 | 130.42 | OK | |||
r-patched-linux-x86_64 | 0.2.0 | 8.66 | 100.60 | 109.26 | OK | |
r-release-linux-x86_64 | 0.2.0 | 7.88 | 99.81 | 107.69 | OK | |
r-release-macos-arm64 | 0.2.0 | 40.00 | OK | |||
r-release-macos-x86_64 | 0.2.0 | 51.00 | OK | |||
r-release-windows-x86_64 | 0.2.0 | 28.00 | 137.00 | 165.00 | OK | |
r-oldrel-macos-arm64 | 0.2.0 | 41.00 | OK | |||
r-oldrel-macos-x86_64 | 0.2.0 | 57.00 | OK | |||
r-oldrel-windows-ix86+x86_64 | 0.2.0 | 16.00 | 132.00 | 148.00 | OK |
Version: 0.2.0
Check: Rd cross-references
Result: NOTE
Undeclared package ‘ggdensity’ in Rd xrefs
Flavor: r-devel-linux-x86_64-fedora-clang