Last updated on 2023-02-02 06:54:53 CET.
Flavor | Version | Tinstall | Tcheck | Ttotal | Status | Flags |
---|---|---|---|---|---|---|
r-devel-linux-x86_64-debian-clang | 0.1.2 | 4.08 | 33.73 | 37.81 | NOTE | |
r-devel-linux-x86_64-debian-gcc | 0.1.2 | 3.72 | 26.01 | 29.73 | NOTE | |
r-devel-linux-x86_64-fedora-clang | 0.1.2 | 49.91 | NOTE | |||
r-devel-linux-x86_64-fedora-gcc | 0.1.2 | 48.24 | NOTE | |||
r-patched-linux-x86_64 | 0.1.2 | 7.70 | 34.19 | 41.89 | NOTE | |
r-release-linux-x86_64 | 0.1.2 | 3.85 | 35.08 | 38.93 | NOTE | |
r-release-macos-arm64 | 0.1.2 | 17.00 | NOTE | |||
r-release-macos-x86_64 | 0.1.2 | 32.00 | NOTE | |||
r-release-windows-x86_64 | 0.1.2 | 17.00 | 65.00 | 82.00 | NOTE | |
r-oldrel-macos-arm64 | 0.1.2 | 21.00 | NOTE | |||
r-oldrel-macos-x86_64 | 0.1.2 | 34.00 | NOTE | |||
r-oldrel-windows-ix86+x86_64 | 0.1.2 | 11.00 | 67.00 | 78.00 | NOTE |
Version: 0.1.2
Check: LazyData
Result: NOTE
'LazyData' is specified without a 'data' directory
Flavors: r-devel-linux-x86_64-debian-clang, r-devel-linux-x86_64-debian-gcc, r-devel-linux-x86_64-fedora-clang, r-devel-linux-x86_64-fedora-gcc, r-patched-linux-x86_64, r-release-linux-x86_64, r-release-macos-arm64, r-release-macos-x86_64, r-release-windows-x86_64, r-oldrel-macos-arm64, r-oldrel-macos-x86_64, r-oldrel-windows-ix86+x86_64
Version: 0.1.2
Check: dependencies in R code
Result: NOTE
Namespaces in Imports field not imported from:
‘dplyr’ ‘grid’ ‘scales’
All declared Imports should be used.
Flavors: r-devel-linux-x86_64-fedora-clang, r-devel-linux-x86_64-fedora-gcc, r-release-macos-arm64, r-release-macos-x86_64, r-oldrel-macos-arm64, r-oldrel-macos-x86_64