CRAN Package Check Results for Package ggmr

Last updated on 2023-01-26 07:53:52 CET.

Flavor Version Tinstall Tcheck Ttotal Status Flags
r-devel-linux-x86_64-debian-clang 0.1.1 1.97 21.77 23.74 OK
r-devel-linux-x86_64-debian-gcc 0.1.1 1.56 17.61 19.17 OK
r-devel-linux-x86_64-fedora-clang 0.1.1 30.97 NOTE
r-devel-linux-x86_64-fedora-gcc 0.1.1 29.85 OK
r-devel-windows-x86_64 0.1.1 8.00 47.00 55.00 OK
r-patched-linux-x86_64 0.1.1 2.20 22.72 24.92 OK
r-release-linux-x86_64 0.1.1 2.01 22.99 25.00 OK
r-release-macos-arm64 0.1.1 14.00 OK
r-release-macos-x86_64 0.1.1 19.00 OK
r-release-windows-x86_64 0.1.1 5.00 48.00 53.00 OK
r-oldrel-macos-arm64 0.1.1 18.00 OK
r-oldrel-macos-x86_64 0.1.1 30.00 OK
r-oldrel-windows-ix86+x86_64 0.1.1 6.00 45.00 51.00 OK

Check Details

Version: 0.1.1
Check: Rd cross-references
Result: NOTE
    Undeclared package ‘dwlm’ in Rd xrefs
Flavor: r-devel-linux-x86_64-fedora-clang