CRAN Package Check Results for Package ggmr

Last updated on 2024-02-23 07:52:09 CET.

Flavor Version Tinstall Tcheck Ttotal Status Flags
r-devel-linux-x86_64-debian-clang 0.1.1 OK
r-devel-linux-x86_64-debian-gcc 0.1.1 1.75 18.70 20.45 OK
r-devel-linux-x86_64-fedora-clang 0.1.1 31.90 NOTE
r-devel-linux-x86_64-fedora-gcc 0.1.1 31.11 OK
r-devel-windows-x86_64 0.1.1 4.00 39.00 43.00 OK
r-patched-linux-x86_64 0.1.1 2.33 22.21 24.54 OK
r-release-linux-x86_64 0.1.1 1.78 21.95 23.73 OK
r-release-macos-arm64 0.1.1 16.00 OK
r-release-macos-x86_64 0.1.1 19.00 OK
r-release-windows-x86_64 0.1.1 3.00 40.00 43.00 OK
r-oldrel-macos-arm64 0.1.1 15.00 OK
r-oldrel-windows-x86_64 0.1.1 4.00 44.00 48.00 OK

Check Details

Version: 0.1.1
Check: Rd cross-references
Result: NOTE Undeclared package ‘dwlm’ in Rd xrefs Flavor: r-devel-linux-x86_64-fedora-clang