CRAN Package Check Results for Package ggjoy

Last updated on 2023-01-28 07:14:56 CET.

Flavor Version Tinstall Tcheck Ttotal Status Flags
r-devel-linux-x86_64-debian-clang 0.4.1 4.77 46.89 51.66 NOTE
r-devel-linux-x86_64-debian-gcc 0.4.1 3.95 35.61 39.56 NOTE
r-devel-linux-x86_64-fedora-clang 0.4.1 64.96 NOTE
r-devel-linux-x86_64-fedora-gcc 0.4.1 73.71 NOTE
r-devel-windows-x86_64 0.4.1 12.00 73.00 85.00 NOTE
r-patched-linux-x86_64 0.4.1 8.62 47.39 56.01 NOTE
r-release-linux-x86_64 0.4.1 5.22 46.53 51.75 NOTE
r-release-macos-arm64 0.4.1 23.00 NOTE
r-release-macos-x86_64 0.4.1 51.00 NOTE
r-release-windows-x86_64 0.4.1 10.00 82.00 92.00 NOTE
r-oldrel-macos-arm64 0.4.1 24.00 NOTE
r-oldrel-macos-x86_64 0.4.1 42.00 NOTE
r-oldrel-windows-ix86+x86_64 0.4.1 14.00 73.00 87.00 NOTE

Check Details

Version: 0.4.1
Check: LazyData
Result: NOTE
     'LazyData' is specified without a 'data' directory
Flavors: r-devel-linux-x86_64-debian-clang, r-devel-linux-x86_64-debian-gcc, r-devel-linux-x86_64-fedora-clang, r-devel-linux-x86_64-fedora-gcc, r-devel-windows-x86_64, r-patched-linux-x86_64, r-release-linux-x86_64, r-release-macos-arm64, r-release-macos-x86_64, r-release-windows-x86_64, r-oldrel-macos-arm64, r-oldrel-macos-x86_64, r-oldrel-windows-ix86+x86_64