Last updated on 2023-02-03 06:50:20 CET.
Flavor | Version | Tinstall | Tcheck | Ttotal | Status | Flags |
---|---|---|---|---|---|---|
r-devel-linux-x86_64-debian-clang | 0.8.6 | 134.21 | 207.80 | 342.01 | NOTE | |
r-devel-linux-x86_64-debian-gcc | 0.8.6 | 100.12 | 153.79 | 253.91 | NOTE | |
r-devel-linux-x86_64-fedora-clang | 0.8.6 | 470.16 | NOTE | |||
r-devel-linux-x86_64-fedora-gcc | 0.8.6 | 459.34 | NOTE | |||
r-devel-windows-x86_64 | 0.8.6 | 280.00 | 309.00 | 589.00 | NOTE | |
r-patched-linux-x86_64 | 0.8.6 | 115.01 | 194.38 | 309.39 | OK | |
r-release-linux-x86_64 | 0.8.6 | 108.70 | 195.72 | 304.42 | OK | |
r-release-macos-arm64 | 0.8.6 | 91.00 | NOTE | |||
r-release-macos-x86_64 | 0.8.6 | 165.00 | NOTE | |||
r-release-windows-x86_64 | 0.8.6 | 323.00 | 296.00 | 619.00 | OK | |
r-oldrel-macos-arm64 | 0.8.6 | 88.00 | NOTE | |||
r-oldrel-macos-x86_64 | 0.8.6 | 167.00 | NOTE | |||
r-oldrel-windows-ix86+x86_64 | 0.8.6 | 325.00 | 383.00 | 708.00 | OK |
Version: 0.8.6
Check: C++ specification
Result: NOTE
Specified C++11: please update to current default of C++17
Flavors: r-devel-linux-x86_64-debian-clang, r-devel-linux-x86_64-debian-gcc, r-devel-linux-x86_64-fedora-clang, r-devel-linux-x86_64-fedora-gcc, r-devel-windows-x86_64
Version: 0.8.6
Check: installed package size
Result: NOTE
installed size is 7.0Mb
sub-directories of 1Mb or more:
libs 5.1Mb
Flavors: r-release-macos-arm64, r-release-macos-x86_64, r-oldrel-macos-arm64, r-oldrel-macos-x86_64