CRAN Package Check Results for Package ggheatmap

Last updated on 2025-01-25 07:50:27 CET.

Flavor Version Tinstall Tcheck Ttotal Status Flags
r-devel-linux-x86_64-debian-clang 2.2 6.33 50.76 57.09 NOTE
r-devel-linux-x86_64-debian-gcc 2.2 4.37 35.00 39.37 NOTE
r-devel-linux-x86_64-fedora-clang 2.2 89.51 OK
r-devel-linux-x86_64-fedora-gcc 2.2 80.67 OK
r-devel-windows-x86_64 2.2 10.00 66.00 76.00 NOTE
r-patched-linux-x86_64 2.2 13.99 45.52 59.51 OK
r-release-linux-x86_64 2.2 5.32 46.04 51.36 OK
r-release-macos-arm64 2.2 28.00 OK
r-release-macos-x86_64 2.2 39.00 OK
r-release-windows-x86_64 2.2 8.00 63.00 71.00 OK
r-oldrel-macos-arm64 2.2 30.00 OK
r-oldrel-macos-x86_64 2.2 41.00 OK
r-oldrel-windows-x86_64 2.2 10.00 72.00 82.00 OK

Check Details

Version: 2.2
Check: Rd cross-references
Result: NOTE Found the following Rd file(s) with Rd \link{} targets missing package anchors: ggheatmap_theme.Rd: theme Please provide package anchors for all Rd \link{} targets not in the package itself and the base packages. Flavors: r-devel-linux-x86_64-debian-clang, r-devel-linux-x86_64-debian-gcc, r-devel-windows-x86_64