Last updated on 2023-02-05 07:57:24 CET.
Flavor | Version | Tinstall | Tcheck | Ttotal | Status | Flags |
---|---|---|---|---|---|---|
r-devel-linux-x86_64-debian-clang | 0.1.3 | 9.31 | 123.36 | 132.67 | OK | |
r-devel-linux-x86_64-debian-gcc | 0.1.3 | 8.45 | 88.93 | 97.38 | OK | |
r-devel-linux-x86_64-fedora-clang | 0.1.3 | 163.80 | NOTE | |||
r-devel-linux-x86_64-fedora-gcc | 0.1.3 | 162.98 | NOTE | |||
r-devel-windows-x86_64 | 0.1.3 | 35.00 | 159.00 | 194.00 | OK | |
r-patched-linux-x86_64 | 0.1.3 | 13.52 | 115.91 | 129.43 | OK | |
r-release-linux-x86_64 | 0.1.3 | 10.17 | 117.21 | 127.38 | OK | |
r-release-macos-arm64 | 0.1.3 | 49.00 | NOTE | |||
r-release-macos-x86_64 | 0.1.3 | 111.00 | NOTE | |||
r-release-windows-x86_64 | 0.1.3 | 31.00 | 165.00 | 196.00 | OK | |
r-oldrel-macos-arm64 | 0.1.3 | 73.00 | NOTE | |||
r-oldrel-macos-x86_64 | 0.1.3 | 80.00 | NOTE | |||
r-oldrel-windows-ix86+x86_64 | 0.1.3 | 20.00 | 150.00 | 170.00 | OK |
Version: 0.1.3
Check: dependencies in R code
Result: NOTE
Namespaces in Imports field not imported from:
‘colorspace’ ‘grid’ ‘rstan’
All declared Imports should be used.
Flavors: r-devel-linux-x86_64-fedora-clang, r-devel-linux-x86_64-fedora-gcc, r-release-macos-arm64, r-release-macos-x86_64, r-oldrel-macos-arm64, r-oldrel-macos-x86_64