Last updated on 2025-01-20 08:48:26 CET.
Flavor | Version | Tinstall | Tcheck | Ttotal | Status | Flags |
---|---|---|---|---|---|---|
r-devel-linux-x86_64-debian-clang | 0.2.6.0 | 82.24 | 62.62 | 144.86 | NOTE | |
r-devel-linux-x86_64-debian-gcc | 0.2.6.0 | 65.10 | 43.28 | 108.38 | NOTE | |
r-devel-linux-x86_64-fedora-clang | 0.2.6.0 | 290.51 | NOTE | |||
r-devel-linux-x86_64-fedora-gcc | 0.2.6.0 | 298.34 | NOTE | |||
r-devel-windows-x86_64 | 0.2.6.0 | 92.00 | 93.00 | 185.00 | NOTE | |
r-patched-linux-x86_64 | 0.2.6.0 | 94.31 | 54.85 | 149.16 | NOTE | |
r-release-linux-x86_64 | 0.2.6.0 | 94.87 | 57.30 | 152.17 | NOTE | |
r-release-macos-arm64 | 0.2.6.0 | 67.00 | NOTE | |||
r-release-macos-x86_64 | 0.2.6.0 | 75.00 | NOTE | |||
r-release-windows-x86_64 | 0.2.6.0 | 97.00 | 95.00 | 192.00 | NOTE | |
r-oldrel-macos-arm64 | 0.2.6.0 | 73.00 | NOTE | |||
r-oldrel-macos-x86_64 | 0.2.6.0 | 131.00 | NOTE | |||
r-oldrel-windows-x86_64 | 0.2.6.0 | 103.00 | 118.00 | 221.00 | NOTE |
Version: 0.2.6.0
Check: C++ specification
Result: NOTE
Specified C++11: please drop specification unless essential
Flavors: r-devel-linux-x86_64-debian-clang, r-devel-linux-x86_64-debian-gcc, r-devel-linux-x86_64-fedora-clang, r-devel-linux-x86_64-fedora-gcc, r-devel-windows-x86_64, r-patched-linux-x86_64, r-release-linux-x86_64, r-release-macos-arm64, r-release-macos-x86_64, r-release-windows-x86_64, r-oldrel-macos-arm64, r-oldrel-macos-x86_64, r-oldrel-windows-x86_64
Version: 0.2.6.0
Check: top-level files
Result: NOTE
possible bashism in configure.ac line 80 (should be 'b = a'):
if test x"${RSysinfoName}" == x"Darwin"; then
possible bashism in configure.ac line 86 (should be 'b = a'):
if test x"${apple_compiler}" == x"1"; then
possible bashism in configure.ac line 95 (should be 'b = a'):
if test x"${clang_compiler}" == x"1"; then
possible bashism in configure.ac line 129 (should be 'b = a'):
if test x"${hasRlapack}" == x""; then
possible bashism in configure.ac line 146 (should be 'b = a'):
if test x"${can_use_openmp}" == x"yes"; then
possible bashism in configure.ac line 151 (should be 'b = a'):
if test x"${hasOpenMP}" == x""; then
Flavors: r-devel-linux-x86_64-debian-clang, r-devel-linux-x86_64-debian-gcc, r-devel-linux-x86_64-fedora-clang, r-devel-linux-x86_64-fedora-gcc
Version: 0.2.6.0
Check: LazyData
Result: NOTE
'LazyData' is specified without a 'data' directory
Flavors: r-patched-linux-x86_64, r-release-linux-x86_64, r-release-macos-arm64, r-release-macos-x86_64, r-release-windows-x86_64, r-oldrel-macos-arm64, r-oldrel-macos-x86_64, r-oldrel-windows-x86_64
Version: 0.2.6.0
Check: installed package size
Result: NOTE
installed size is 5.4Mb
sub-directories of 1Mb or more:
libs 5.0Mb
Flavors: r-release-macos-arm64, r-release-macos-x86_64, r-oldrel-macos-arm64, r-oldrel-macos-x86_64