Last updated on 2023-02-07 07:54:03 CET.
Flavor | Version | Tinstall | Tcheck | Ttotal | Status | Flags |
---|---|---|---|---|---|---|
r-devel-linux-x86_64-debian-clang | 0.0.31 | 7.40 | 95.96 | 103.36 | NOTE | |
r-devel-linux-x86_64-debian-gcc | 0.0.31 | 6.62 | 70.19 | 76.81 | NOTE | |
r-devel-linux-x86_64-fedora-clang | 0.0.31 | 126.38 | NOTE | |||
r-devel-linux-x86_64-fedora-gcc | 0.0.31 | 130.11 | NOTE | |||
r-devel-windows-x86_64 | 0.0.31 | 64.00 | 150.00 | 214.00 | NOTE | |
r-patched-linux-x86_64 | 0.0.31 | 12.42 | 86.22 | 98.64 | NOTE | |
r-release-linux-x86_64 | 0.0.31 | 7.51 | 86.96 | 94.47 | NOTE | |
r-release-macos-arm64 | 0.0.31 | 40.00 | NOTE | |||
r-release-macos-x86_64 | 0.0.31 | 76.00 | NOTE | |||
r-release-windows-x86_64 | 0.0.31 | 53.00 | 143.00 | 196.00 | NOTE | |
r-oldrel-macos-arm64 | 0.0.31 | 55.00 | NOTE | |||
r-oldrel-macos-x86_64 | 0.0.31 | 72.00 | NOTE | |||
r-oldrel-windows-ix86+x86_64 | 0.0.31 | 15.00 | 133.00 | 148.00 | NOTE |
Version: 0.0.31
Check: LazyData
Result: NOTE
'LazyData' is specified without a 'data' directory
Flavors: r-devel-linux-x86_64-debian-clang, r-devel-linux-x86_64-debian-gcc, r-devel-linux-x86_64-fedora-clang, r-devel-linux-x86_64-fedora-gcc, r-devel-windows-x86_64, r-patched-linux-x86_64, r-release-linux-x86_64, r-release-macos-arm64, r-release-macos-x86_64, r-release-windows-x86_64, r-oldrel-macos-arm64, r-oldrel-macos-x86_64, r-oldrel-windows-ix86+x86_64