CRAN Package Check Results for Package ggQC

Last updated on 2024-02-27 07:54:48 CET.

Flavor Version Tinstall Tcheck Ttotal Status Flags
r-devel-linux-x86_64-debian-clang 0.0.31 9.99 96.30 106.29 NOTE
r-devel-linux-x86_64-debian-gcc 0.0.31 6.70 70.55 77.25 NOTE
r-devel-linux-x86_64-fedora-clang 0.0.31 127.57 NOTE
r-devel-linux-x86_64-fedora-gcc 0.0.31 133.42 NOTE
r-devel-windows-x86_64 0.0.31 8.00 105.00 113.00 NOTE
r-patched-linux-x86_64 0.0.31 15.15 92.60 107.75 NOTE
r-release-linux-x86_64 0.0.31 7.41 90.85 98.26 NOTE
r-release-macos-arm64 0.0.31 46.00 NOTE
r-release-macos-x86_64 0.0.31 70.00 NOTE
r-release-windows-x86_64 0.0.31 12.00 124.00 136.00 NOTE
r-oldrel-macos-arm64 0.0.31 40.00 NOTE
r-oldrel-windows-x86_64 0.0.31 11.00 114.00 125.00 NOTE

Check Details

Version: 0.0.31
Check: LazyData
Result: NOTE 'LazyData' is specified without a 'data' directory Flavors: r-devel-linux-x86_64-debian-clang, r-devel-linux-x86_64-debian-gcc, r-devel-linux-x86_64-fedora-clang, r-devel-linux-x86_64-fedora-gcc, r-devel-windows-x86_64, r-patched-linux-x86_64, r-release-linux-x86_64, r-release-macos-arm64, r-release-macos-x86_64, r-release-windows-x86_64, r-oldrel-macos-arm64, r-oldrel-windows-x86_64