CRAN Package Check Results for Package ggPMX

Last updated on 2024-02-21 07:52:30 CET.

Flavor Version Tinstall Tcheck Ttotal Status Flags
r-devel-linux-x86_64-debian-clang 1.2.11 NOTE
r-devel-linux-x86_64-debian-gcc 1.2.11 12.63 192.04 204.67 NOTE
r-devel-linux-x86_64-fedora-clang 1.2.11 342.15 NOTE
r-devel-linux-x86_64-fedora-gcc 1.2.11 337.33 NOTE
r-devel-windows-x86_64 1.2.11 18.00 305.00 323.00 NOTE
r-patched-linux-x86_64 1.2.11 27.36 241.46 268.82 NOTE
r-release-linux-x86_64 1.2.11 15.68 238.34 254.02 NOTE
r-release-macos-arm64 1.2.11 90.00 NOTE
r-release-macos-x86_64 1.2.11 175.00 NOTE
r-release-windows-x86_64 1.2.11 24.00 318.00 342.00 NOTE
r-oldrel-macos-arm64 1.2.11 78.00 NOTE
r-oldrel-windows-x86_64 1.2.11 24.00 307.00 331.00 NOTE

Check Details

Version: 1.2.11
Check: package dependencies
Result: NOTE Package suggested but not available for checking: ‘lixoftConnectors’ Flavors: r-devel-linux-x86_64-debian-clang, r-devel-linux-x86_64-debian-gcc, r-devel-linux-x86_64-fedora-clang, r-devel-linux-x86_64-fedora-gcc, r-devel-windows-x86_64, r-patched-linux-x86_64, r-release-linux-x86_64, r-release-macos-arm64, r-release-macos-x86_64, r-release-windows-x86_64, r-oldrel-macos-arm64, r-oldrel-windows-x86_64

Version: 1.2.11
Check: installed package size
Result: NOTE installed size is 9.0Mb sub-directories of 1Mb or more: doc 1.1Mb help 2.4Mb testdata 4.8Mb Flavors: r-devel-linux-x86_64-fedora-clang, r-devel-windows-x86_64, r-release-macos-arm64, r-release-macos-x86_64, r-release-windows-x86_64, r-oldrel-macos-arm64, r-oldrel-windows-x86_64