CRAN Package Check Results for Package ggDCA

Last updated on 2023-02-04 08:01:16 CET.

Flavor Version Tinstall Tcheck Ttotal Status Flags
r-devel-linux-x86_64-debian-clang 1.1 17.07 127.95 145.02 OK
r-devel-linux-x86_64-debian-gcc 1.1 14.39 93.98 108.37 OK
r-devel-linux-x86_64-fedora-clang 1.1 181.27 NOTE
r-devel-linux-x86_64-fedora-gcc 1.1 177.89 NOTE
r-devel-windows-x86_64 1.1 25.00 143.00 168.00 OK
r-patched-linux-x86_64 1.1 17.73 117.60 135.33 OK
r-release-linux-x86_64 1.1 15.08 119.67 134.75 OK
r-release-macos-arm64 1.1 58.00 NOTE
r-release-macos-x86_64 1.1 84.00 NOTE
r-release-windows-x86_64 1.1 23.00 160.00 183.00 OK
r-oldrel-macos-arm64 1.1 58.00 NOTE
r-oldrel-macos-x86_64 1.1 82.00 NOTE
r-oldrel-windows-ix86+x86_64 1.1 37.00 141.00 178.00 OK

Additional issues

donttest

Check Details

Version: 1.1
Check: dependencies in R code
Result: NOTE
    Namespaces in Imports field not imported from:
     ‘do’ ‘survival’
     All declared Imports should be used.
Flavors: r-devel-linux-x86_64-fedora-clang, r-devel-linux-x86_64-fedora-gcc, r-release-macos-arm64, r-release-macos-x86_64, r-oldrel-macos-arm64, r-oldrel-macos-x86_64