Last updated on 2023-02-07 07:54:03 CET.
Flavor | Version | Tinstall | Tcheck | Ttotal | Status | Flags |
---|---|---|---|---|---|---|
r-devel-linux-x86_64-debian-clang | 1.0.2 | 54.10 | 104.16 | 158.26 | NOTE | |
r-devel-linux-x86_64-debian-gcc | 1.0.2 | 38.62 | 80.39 | 119.01 | NOTE | |
r-devel-linux-x86_64-fedora-clang | 1.0.2 | 213.35 | NOTE | |||
r-devel-linux-x86_64-fedora-gcc | 1.0.2 | 203.01 | NOTE | |||
r-devel-windows-x86_64 | 1.0.2 | 61.00 | 153.00 | 214.00 | NOTE | |
r-patched-linux-x86_64 | 1.0.2 | 40.34 | 104.97 | 145.31 | OK | |
r-release-linux-x86_64 | 1.0.2 | 32.48 | 101.14 | 133.62 | OK | |
r-release-macos-arm64 | 1.0.2 | 53.00 | OK | |||
r-release-macos-x86_64 | 1.0.2 | 90.00 | OK | |||
r-release-windows-x86_64 | 1.0.2 | 61.00 | 162.00 | 223.00 | OK | |
r-oldrel-macos-arm64 | 1.0.2 | 51.00 | OK | |||
r-oldrel-macos-x86_64 | 1.0.2 | 76.00 | OK | |||
r-oldrel-windows-ix86+x86_64 | 1.0.2 | 116.00 | 184.00 | 300.00 | OK |
Version: 1.0.2
Check: C++ specification
Result: NOTE
Specified C++11: please update to current default of C++17
Flavors: r-devel-linux-x86_64-debian-clang, r-devel-linux-x86_64-debian-gcc, r-devel-linux-x86_64-fedora-clang, r-devel-linux-x86_64-fedora-gcc, r-devel-windows-x86_64