CRAN Package Check Results for Package gfiExtremes

Last updated on 2023-01-28 07:14:56 CET.

Flavor Version Tinstall Tcheck Ttotal Status Flags
r-devel-linux-x86_64-debian-clang 1.0.0 42.03 36.77 78.80 OK
r-devel-linux-x86_64-debian-gcc 1.0.0 34.24 28.60 62.84 NOTE
r-devel-linux-x86_64-fedora-clang 1.0.0 113.35 OK
r-devel-linux-x86_64-fedora-gcc 1.0.0 117.48 NOTE
r-devel-windows-x86_64 1.0.0 127.00 158.00 285.00 OK
r-patched-linux-x86_64 1.0.0 33.79 36.68 70.47 OK
r-release-linux-x86_64 1.0.0 30.96 36.83 67.79 OK
r-release-macos-arm64 1.0.0 60.00 OK
r-release-macos-x86_64 1.0.0 76.00 OK
r-release-windows-x86_64 1.0.0 48.00 162.00 210.00 OK
r-oldrel-macos-arm64 1.0.0 70.00 OK
r-oldrel-macos-x86_64 1.0.0 115.00 OK
r-oldrel-windows-ix86+x86_64 1.0.0 100.00 185.00 285.00 OK

Check Details

Version: 1.0.0
Check: C++ specification
Result: NOTE
     Specified C++11: please update to current default of C++17
Flavors: r-devel-linux-x86_64-debian-gcc, r-devel-linux-x86_64-fedora-gcc