CRAN Package Check Results for Package getable

Last updated on 2023-01-28 07:14:56 CET.

Flavor Version Tinstall Tcheck Ttotal Status Flags
r-devel-linux-x86_64-debian-clang 1.0.3 2.24 23.47 25.71 NOTE
r-devel-linux-x86_64-debian-gcc 1.0.3 1.63 18.61 20.24 NOTE
r-devel-linux-x86_64-fedora-clang 1.0.3 33.62 NOTE
r-devel-linux-x86_64-fedora-gcc 1.0.3 43.76 NOTE
r-devel-windows-x86_64 1.0.3 17.00 52.00 69.00 NOTE
r-patched-linux-x86_64 1.0.3 1.92 24.50 26.42 NOTE
r-release-linux-x86_64 1.0.3 1.57 24.51 26.08 NOTE
r-release-macos-arm64 1.0.3 18.00 NOTE
r-release-macos-x86_64 1.0.3 21.00 NOTE
r-release-windows-x86_64 1.0.3 24.00 57.00 81.00 NOTE
r-oldrel-macos-arm64 1.0.3 21.00 NOTE
r-oldrel-macos-x86_64 1.0.3 29.00 NOTE
r-oldrel-windows-ix86+x86_64 1.0.3 7.00 48.00 55.00 NOTE

Check Details

Version: 1.0.3
Check: LazyData
Result: NOTE
     'LazyData' is specified without a 'data' directory
Flavors: r-devel-linux-x86_64-debian-clang, r-devel-linux-x86_64-debian-gcc, r-devel-linux-x86_64-fedora-clang, r-devel-linux-x86_64-fedora-gcc, r-devel-windows-x86_64, r-patched-linux-x86_64, r-release-linux-x86_64, r-release-macos-arm64, r-release-macos-x86_64, r-release-windows-x86_64, r-oldrel-macos-arm64, r-oldrel-macos-x86_64, r-oldrel-windows-ix86+x86_64