CRAN Package Check Results for Package getLattes

Last updated on 2024-03-04 07:48:28 CET.

Flavor Version Tinstall Tcheck Ttotal Status Flags
r-devel-linux-x86_64-debian-clang 0.2.0 6.74 92.03 98.77 OK
r-devel-linux-x86_64-debian-gcc 0.2.0 5.39 70.09 75.48 OK
r-devel-linux-x86_64-fedora-clang 0.2.0 121.26 NOTE
r-devel-linux-x86_64-fedora-gcc 0.2.0 126.17 NOTE
r-devel-windows-x86_64 0.2.0 8.00 91.00 99.00 OK
r-patched-linux-x86_64 0.2.0 7.24 87.62 94.86 OK
r-release-linux-x86_64 0.2.0 4.88 87.16 92.04 OK
r-release-macos-arm64 0.2.0 49.00 OK
r-release-macos-x86_64 0.2.0 71.00 OK
r-release-windows-x86_64 0.2.0 12.00 110.00 122.00 OK
r-oldrel-macos-arm64 0.2.0 34.00 NOTE
r-oldrel-windows-x86_64 0.2.0 9.00 106.00 115.00 OK

Check Details

Version: 0.2.0
Check: dependencies in R code
Result: NOTE Namespaces in Imports field not imported from: ‘pipeR’ ‘rlang’ All declared Imports should be used. Flavors: r-devel-linux-x86_64-fedora-clang, r-devel-linux-x86_64-fedora-gcc, r-oldrel-macos-arm64