CRAN Package Check Results for Package gert

Last updated on 2022-12-07 07:54:31 CET.

Flavor Version Tinstall Tcheck Ttotal Status Flags
r-devel-linux-x86_64-debian-clang 1.9.1 8.86 38.21 47.07 WARN
r-devel-linux-x86_64-debian-gcc 1.9.2 7.03 30.78 37.81 OK
r-devel-linux-x86_64-fedora-clang 1.9.2 73.44 OK
r-devel-linux-x86_64-fedora-gcc 1.9.2 83.72 OK
r-devel-windows-x86_64 1.9.2 36.00 115.00 151.00 OK
r-patched-linux-x86_64 1.9.1 8.48 35.78 44.26 OK
r-release-linux-x86_64 1.9.1 8.49 37.24 45.73 OK
r-release-macos-arm64 1.9.1 29.00 OK
r-release-macos-x86_64 1.9.1 37.00 OK
r-release-windows-x86_64 1.9.2 70.00 124.00 194.00 OK
r-oldrel-macos-arm64 1.9.1 34.00 OK
r-oldrel-macos-x86_64 1.9.1 42.00 OK
r-oldrel-windows-ix86+x86_64 1.9.2 31.00 102.00 133.00 NOTE

Check Details

Version: 1.9.1
Check: compiled code
Result: WARN
    File 'gert/libs/gert.so':
     Found '__sprintf_chk', possibly from 'sprintf' (C)
     Objects: 'branch.o', 'clone.o'
    
    Compiled code should not call entry points which might terminate R nor
    write to stdout/stderr instead of to the console, nor use Fortran I/O
    nor system RNGs nor [v]sprintf.
    
    See 'Writing portable packages' in the 'Writing R Extensions' manual.
Flavor: r-devel-linux-x86_64-debian-clang

Version: 1.9.2
Check: installed package size
Result: NOTE
     installed size is 9.6Mb
     sub-directories of 1Mb or more:
     libs 9.3Mb
Flavor: r-oldrel-windows-ix86+x86_64