Last updated on 2023-11-28 07:53:03 CET.
Flavor | Version | Tinstall | Tcheck | Ttotal | Status | Flags |
---|---|---|---|---|---|---|
r-devel-linux-x86_64-debian-clang | 1.6.11 | 11.42 | 105.18 | 116.60 | NOTE | |
r-devel-linux-x86_64-debian-gcc | 1.6.11 | 9.02 | 79.28 | 88.30 | NOTE | |
r-devel-linux-x86_64-fedora-clang | 1.6.11 | 147.98 | NOTE | |||
r-devel-linux-x86_64-fedora-gcc | 1.6.11 | 146.52 | NOTE | |||
r-devel-windows-x86_64 | 1.6.11 | 12.00 | 103.00 | 115.00 | NOTE | |
r-patched-linux-x86_64 | 1.6.11 | 10.92 | 98.24 | 109.16 | OK | |
r-release-linux-x86_64 | 1.6.11 | 10.82 | 100.47 | 111.29 | OK | |
r-release-macos-arm64 | 1.6.11 | 58.00 | OK | |||
r-release-macos-x86_64 | 1.6.11 | 123.00 | OK | |||
r-release-windows-x86_64 | 1.6.11 | 16.00 | 119.00 | 135.00 | OK | |
r-oldrel-macos-arm64 | 1.6.11 | 47.00 | OK | |||
r-oldrel-macos-x86_64 | 1.6.11 | 65.00 | OK | |||
r-oldrel-windows-x86_64 | 1.6.11 | 18.00 | 114.00 | 132.00 | OK |
Version: 1.6.11
Check: Rd \usage sections
Result: NOTE
Documented arguments not in \usage in Rd file 'variables_query-method.Rd':
‘variables’
Functions with \usage entries need to have the appropriate \alias
entries, and all their arguments documented.
The \usage entries must correspond to syntactically valid R code.
See chapter ‘Writing R documentation files’ in the ‘Writing R
Extensions’ manual.
Flavors: r-devel-linux-x86_64-debian-clang, r-devel-linux-x86_64-debian-gcc, r-devel-linux-x86_64-fedora-clang, r-devel-linux-x86_64-fedora-gcc, r-devel-windows-x86_64