Last updated on 2023-10-03 08:04:51 CEST.
Flavor | Version | Tinstall | Tcheck | Ttotal | Status | Flags |
---|---|---|---|---|---|---|
r-devel-linux-x86_64-debian-clang | 2.0.3 | 93.38 | 36.79 | 130.17 | NOTE | |
r-devel-linux-x86_64-debian-gcc | 2.0.3 | 67.19 | 28.10 | 95.29 | NOTE | |
r-devel-linux-x86_64-fedora-clang | 2.0.3 | 193.40 | NOTE | |||
r-devel-linux-x86_64-fedora-gcc | 2.0.3 | 207.52 | NOTE | |||
r-devel-windows-x86_64 | 2.0.3 | 70.00 | 74.00 | 144.00 | NOTE | |
r-patched-linux-x86_64 | 2.0.3 | 88.44 | 35.18 | 123.62 | NOTE | |
r-release-linux-x86_64 | 2.0.3 | 86.79 | 35.43 | 122.22 | NOTE | |
r-release-macos-arm64 | 2.0.3 | 64.00 | NOTE | |||
r-release-macos-x86_64 | 2.0.3 | 96.00 | NOTE | |||
r-release-windows-x86_64 | 2.0.3 | 90.00 | 82.00 | 172.00 | NOTE | |
r-oldrel-macos-arm64 | 2.0.3 | 48.00 | NOTE | |||
r-oldrel-macos-x86_64 | 2.0.3 | 63.00 | NOTE | |||
r-oldrel-windows-x86_64 | 2.0.3 | 88.00 | 78.00 | 166.00 | OK |
Version: 2.0.3
Check: C++ specification
Result: NOTE
Specified C++11: please drop specification unless essential
Flavors: r-devel-linux-x86_64-debian-clang, r-devel-linux-x86_64-debian-gcc, r-devel-linux-x86_64-fedora-clang, r-devel-linux-x86_64-fedora-gcc, r-devel-windows-x86_64, r-patched-linux-x86_64, r-release-linux-x86_64, r-release-macos-arm64, r-release-macos-x86_64, r-release-windows-x86_64
Version: 2.0.3
Check: installed package size
Result: NOTE
installed size is 6.7Mb
sub-directories of 1Mb or more:
help 1.3Mb
libs 4.6Mb
Flavors: r-release-macos-arm64, r-release-macos-x86_64, r-oldrel-macos-arm64, r-oldrel-macos-x86_64