Last updated on 2023-01-31 07:54:12 CET.
Flavor | Version | Tinstall | Tcheck | Ttotal | Status | Flags |
---|---|---|---|---|---|---|
r-devel-linux-x86_64-debian-clang | 1.1.1 | 57.73 | 35.60 | 93.33 | OK | |
r-devel-linux-x86_64-debian-gcc | 1.1.1 | 51.52 | 27.82 | 79.34 | NOTE | |
r-devel-linux-x86_64-fedora-clang | 1.1.1 | 141.05 | NOTE | |||
r-devel-linux-x86_64-fedora-gcc | 1.1.1 | 156.33 | NOTE | |||
r-devel-windows-x86_64 | 1.1.1 | 72.00 | 92.00 | 164.00 | NOTE | |
r-patched-linux-x86_64 | 1.1.1 | 55.10 | 34.43 | 89.53 | OK | |
r-release-linux-x86_64 | 1.1.1 | 56.59 | 34.94 | 91.53 | OK | |
r-release-macos-arm64 | 1.1.1 | 48.00 | NOTE | |||
r-release-macos-x86_64 | 1.1.1 | 50.00 | NOTE | |||
r-release-windows-x86_64 | 1.1.1 | 66.00 | 101.00 | 167.00 | OK | |
r-oldrel-macos-arm64 | 1.1.1 | 46.00 | NOTE | |||
r-oldrel-macos-x86_64 | 1.1.1 | 55.00 | NOTE | |||
r-oldrel-windows-ix86+x86_64 | 1.1.1 | 148.00 | 92.00 | 240.00 | OK |
Version: 1.1.1
Check: C++ specification
Result: NOTE
Specified C++11: please update to current default of C++17
Flavors: r-devel-linux-x86_64-debian-gcc, r-devel-linux-x86_64-fedora-clang, r-devel-linux-x86_64-fedora-gcc, r-devel-windows-x86_64
Version: 1.1.1
Check: installed package size
Result: NOTE
installed size is 6.0Mb
sub-directories of 1Mb or more:
doc 1.3Mb
libs 4.6Mb
Flavors: r-release-macos-arm64, r-release-macos-x86_64, r-oldrel-macos-arm64, r-oldrel-macos-x86_64