CRAN Package Check Results for Package geodrawr

Last updated on 2023-01-30 09:54:13 CET.

Flavor Version Tinstall Tcheck Ttotal Status Flags
r-devel-linux-x86_64-debian-clang 2.0.0 4.96 59.75 64.71 NOTE
r-devel-linux-x86_64-debian-gcc 2.0.0 5.05 45.17 50.22 NOTE
r-devel-linux-x86_64-fedora-clang 2.0.0 80.79 NOTE
r-devel-linux-x86_64-fedora-gcc 2.0.0 77.49 NOTE
r-devel-windows-x86_64 2.0.0 18.00 86.00 104.00 NOTE
r-patched-linux-x86_64 2.0.0 6.07 59.05 65.12 NOTE
r-release-linux-x86_64 2.0.0 5.14 60.45 65.59 NOTE
r-release-macos-arm64 2.0.0 25.00 NOTE
r-release-macos-x86_64 2.0.0 59.00 NOTE
r-release-windows-x86_64 2.0.0 15.00 90.00 105.00 NOTE
r-oldrel-macos-arm64 2.0.0 31.00 NOTE
r-oldrel-macos-x86_64 2.0.0 36.00 NOTE
r-oldrel-windows-ix86+x86_64 2.0.0 20.00 84.00 104.00 NOTE

Check Details

Version: 2.0.0
Check: LazyData
Result: NOTE
     'LazyData' is specified without a 'data' directory
Flavors: r-devel-linux-x86_64-debian-clang, r-devel-linux-x86_64-debian-gcc, r-devel-linux-x86_64-fedora-clang, r-devel-linux-x86_64-fedora-gcc, r-devel-windows-x86_64, r-patched-linux-x86_64, r-release-linux-x86_64, r-release-macos-arm64, r-release-macos-x86_64, r-release-windows-x86_64, r-oldrel-macos-arm64, r-oldrel-macos-x86_64, r-oldrel-windows-ix86+x86_64