CRAN Package Check Results for Package geoFKF

Last updated on 2024-03-03 08:52:33 CET.

Flavor Version Tinstall Tcheck Ttotal Status Flags
r-devel-linux-x86_64-debian-clang 0.1.1 35.16 43.73 78.89 NOTE
r-devel-linux-x86_64-debian-gcc 0.1.1 22.23 48.20 70.43 NOTE
r-devel-linux-x86_64-fedora-clang 0.1.1 116.83 NOTE
r-devel-linux-x86_64-fedora-gcc 0.1.1 109.41 NOTE
r-devel-windows-x86_64 0.1.1 26.00 74.00 100.00 NOTE
r-patched-linux-x86_64 0.1.1 38.22 51.26 89.48 NOTE
r-release-linux-x86_64 0.1.1 35.53 53.18 88.71 NOTE
r-release-macos-arm64 0.1.1 32.00 NOTE
r-release-macos-x86_64 0.1.1 48.00 NOTE
r-release-windows-x86_64 0.1.1 25.00 94.00 119.00 NOTE
r-oldrel-macos-arm64 0.1.1 30.00 OK
r-oldrel-windows-x86_64 0.1.1 32.00 87.00 119.00 OK

Check Details

Version: 0.1.1
Check: C++ specification
Result: NOTE Specified C++11: please drop specification unless essential Flavors: r-devel-linux-x86_64-debian-clang, r-devel-linux-x86_64-debian-gcc, r-devel-linux-x86_64-fedora-clang, r-devel-linux-x86_64-fedora-gcc, r-devel-windows-x86_64, r-patched-linux-x86_64, r-release-linux-x86_64, r-release-macos-arm64, r-release-macos-x86_64, r-release-windows-x86_64