Last updated on 2023-01-30 09:54:13 CET.
Flavor | Version | Tinstall | Tcheck | Ttotal | Status | Flags |
---|---|---|---|---|---|---|
r-devel-linux-x86_64-debian-clang | 0.1.1 | 34.55 | 59.28 | 93.83 | OK | |
r-devel-linux-x86_64-debian-gcc | 0.1.1 | 25.48 | 48.12 | 73.60 | NOTE | |
r-devel-linux-x86_64-fedora-clang | 0.1.1 | 112.95 | NOTE | |||
r-devel-linux-x86_64-fedora-gcc | 0.1.1 | 107.20 | NOTE | |||
r-devel-windows-x86_64 | 0.1.1 | 38.00 | 108.00 | 146.00 | NOTE | |
r-patched-linux-x86_64 | 0.1.1 | 24.71 | 53.45 | 78.16 | OK | |
r-release-linux-x86_64 | 0.1.1 | 26.44 | 54.50 | 80.94 | OK | |
r-release-macos-arm64 | 0.1.1 | 35.00 | OK | |||
r-release-macos-x86_64 | 0.1.1 | 37.00 | OK | |||
r-release-windows-x86_64 | 0.1.1 | 34.00 | 106.00 | 140.00 | OK | |
r-oldrel-macos-arm64 | 0.1.1 | 37.00 | OK | |||
r-oldrel-macos-x86_64 | 0.1.1 | 45.00 | OK | |||
r-oldrel-windows-ix86+x86_64 | 0.1.1 | 81.00 | 123.00 | 204.00 | OK |
Version: 0.1.1
Check: C++ specification
Result: NOTE
Specified C++11: please update to current default of C++17
Flavors: r-devel-linux-x86_64-debian-gcc, r-devel-linux-x86_64-fedora-clang, r-devel-linux-x86_64-fedora-gcc, r-devel-windows-x86_64