CRAN Package Check Results for Package geoAr

Last updated on 2023-09-21 07:54:53 CEST.

Flavor Version Tinstall Tcheck Ttotal Status Flags
r-devel-linux-x86_64-debian-clang 0.0.1.4.2 3.42 51.20 54.62 OK
r-devel-linux-x86_64-debian-gcc 0.0.1.4.2 2.47 37.79 40.26 OK
r-devel-linux-x86_64-fedora-clang 0.0.1.4.2 68.87 NOTE
r-devel-linux-x86_64-fedora-gcc 0.0.1.4.2 75.73 NOTE
r-devel-windows-x86_64 0.0.1.4.2 4.00 68.00 72.00 OK
r-patched-linux-x86_64 0.0.1.4.2 2.20 47.93 50.13 OK
r-release-linux-x86_64 0.0.1.4.2 3.40 48.50 51.90 OK
r-release-macos-arm64 0.0.1.4.2 43.00 OK
r-release-macos-x86_64 0.0.1.4.2 63.00 OK
r-release-windows-x86_64 0.0.1.4.2 6.00 74.00 80.00 OK
r-oldrel-macos-arm64 0.0.1.4.2 38.00 OK
r-oldrel-macos-x86_64 0.0.1.4.2 44.00 OK
r-oldrel-windows-x86_64 0.0.1.4.2 5.00 75.00 80.00 OK

Check Details

Version: 0.0.1.4.2
Check: dependencies in R code
Result: NOTE
    Namespace in Imports field not imported from: ‘httr’
     All declared Imports should be used.
Flavors: r-devel-linux-x86_64-fedora-clang, r-devel-linux-x86_64-fedora-gcc

Version: 0.0.1.4.2
Check: data for non-ASCII characters
Result: NOTE
     Note: found 144 marked UTF-8 strings
Flavors: r-devel-linux-x86_64-fedora-clang, r-devel-linux-x86_64-fedora-gcc