CRAN Package Check Results for Package gensphere

Last updated on 2024-02-27 07:54:47 CET.

Flavor Version Tinstall Tcheck Ttotal Status Flags
r-devel-linux-x86_64-debian-clang 1.3 5.33 45.34 50.67 NOTE
r-devel-linux-x86_64-debian-gcc 1.3 4.41 35.29 39.70 NOTE
r-devel-linux-x86_64-fedora-clang 1.3 61.05 NOTE
r-devel-linux-x86_64-fedora-gcc 1.3 58.97 NOTE
r-devel-windows-x86_64 1.3 5.00 53.00 58.00 OK
r-patched-linux-x86_64 1.3 3.83 44.76 48.59 OK
r-release-linux-x86_64 1.3 3.47 45.34 48.81 OK
r-release-macos-arm64 1.3 23.00 OK
r-release-macos-x86_64 1.3 33.00 OK
r-release-windows-x86_64 1.3 8.00 58.00 66.00 OK
r-oldrel-macos-arm64 1.3 22.00 OK
r-oldrel-windows-x86_64 1.3 8.00 65.00 73.00 OK

Check Details

Version: 1.3
Check: Rd files
Result: NOTE checkRd: (-1) cfunc.new.Rd:57: Lost braces in \itemize; meant \describe ? checkRd: (-1) cfunc.new.Rd:58-59: Lost braces in \itemize; meant \describe ? checkRd: (-1) cfunc.new.Rd:60-61: Lost braces in \itemize; meant \describe ? checkRd: (-1) cfunc.new.Rd:62: Lost braces in \itemize; meant \describe ? checkRd: (-1) cfunc.new.Rd:63-64: Lost braces in \itemize; meant \describe ? checkRd: (-1) cfunc.new.Rd:65: Lost braces in \itemize; meant \describe ? Flavors: r-devel-linux-x86_64-debian-clang, r-devel-linux-x86_64-debian-gcc, r-devel-linux-x86_64-fedora-clang, r-devel-linux-x86_64-fedora-gcc