Last updated on 2023-01-29 07:56:04 CET.
Flavor | Version | Tinstall | Tcheck | Ttotal | Status | Flags |
---|---|---|---|---|---|---|
r-devel-linux-x86_64-debian-clang | 1.1.3 | 52.02 | 31.99 | 84.01 | OK | |
r-devel-linux-x86_64-debian-gcc | 1.1.3 | 42.80 | 25.10 | 67.90 | NOTE | |
r-devel-linux-x86_64-fedora-clang | 1.1.3 | 129.52 | OK | |||
r-devel-linux-x86_64-fedora-gcc | 1.1.3 | 118.90 | NOTE | |||
r-devel-windows-x86_64 | 1.1.3 | 63.00 | 87.00 | 150.00 | NOTE | |
r-patched-linux-x86_64 | 1.1.3 | 46.75 | 32.15 | 78.90 | OK | |
r-release-linux-x86_64 | 1.1.3 | 47.72 | 30.20 | 77.92 | OK | |
r-release-macos-arm64 | 1.1.3 | 34.00 | OK | |||
r-release-macos-x86_64 | 1.1.3 | 43.00 | OK | |||
r-release-windows-x86_64 | 1.1.3 | 65.00 | 84.00 | 149.00 | OK | |
r-oldrel-macos-arm64 | 1.1.3 | 34.00 | OK | |||
r-oldrel-macos-x86_64 | 1.1.3 | 48.00 | OK | |||
r-oldrel-windows-ix86+x86_64 | 1.1.3 | 123.00 | 83.00 | 206.00 | OK |
Version: 1.1.3
Check: C++ specification
Result: NOTE
Specified C++11: please update to current default of C++17
Flavors: r-devel-linux-x86_64-debian-gcc, r-devel-linux-x86_64-fedora-gcc, r-devel-windows-x86_64