Last updated on 2023-02-07 07:54:02 CET.
Flavor | Version | Tinstall | Tcheck | Ttotal | Status | Flags |
---|---|---|---|---|---|---|
r-devel-linux-x86_64-debian-clang | 1.0.5 | 79.93 | 32.15 | 112.08 | NOTE | |
r-devel-linux-x86_64-debian-gcc | 1.0.5 | 53.99 | 26.26 | 80.25 | NOTE | |
r-devel-linux-x86_64-fedora-clang | 1.0.5 | 170.95 | NOTE | |||
r-devel-linux-x86_64-fedora-gcc | 1.0.5 | 138.14 | NOTE | |||
r-devel-windows-x86_64 | 1.0.5 | 65.00 | 85.00 | 150.00 | NOTE | |
r-patched-linux-x86_64 | 1.0.5 | 67.07 | 31.89 | 98.96 | OK | |
r-release-linux-x86_64 | 1.0.5 | 61.30 | 32.09 | 93.39 | OK | |
r-release-macos-arm64 | 1.0.5 | 42.00 | OK | |||
r-release-macos-x86_64 | 1.0.5 | 51.00 | OK | |||
r-release-windows-x86_64 | 1.0.5 | 63.00 | 96.00 | 159.00 | OK | |
r-oldrel-macos-arm64 | 1.0.5 | 46.00 | OK | |||
r-oldrel-macos-x86_64 | 1.0.5 | 71.00 | OK | |||
r-oldrel-windows-ix86+x86_64 | 1.0.5 | 182.00 | 86.00 | 268.00 | OK |
Version: 1.0.5
Check: C++ specification
Result: NOTE
Specified C++11: please update to current default of C++17
Flavors: r-devel-linux-x86_64-debian-clang, r-devel-linux-x86_64-debian-gcc, r-devel-linux-x86_64-fedora-clang, r-devel-linux-x86_64-fedora-gcc, r-devel-windows-x86_64